{"id":49049,"date":"2026-01-02T20:21:22","date_gmt":"2026-01-02T18:21:22","guid":{"rendered":"https:\/\/etako.sk\/eshop\/?post_type=product&#038;p=49049"},"modified":"2026-01-05T14:48:48","modified_gmt":"2026-01-05T12:48:48","slug":"kratke-nohavice-minnie","status":"publish","type":"product","link":"https:\/\/etako.sk\/eshop\/produkt\/kratke-nohavice-minnie\/","title":{"rendered":"Kr\u00e1tke nohavice Minnie"},"content":{"rendered":"<p>Materi\u00e1l:100%bavlna<\/p>\n<p>1.trieda kvality<\/p>\n<p>Origin\u00e1l Disney v\u00fdrobok<\/p>\n<p>Vyroben\u00e9 v Ma\u010farsku<\/p>\n","protected":false},"excerpt":{"rendered":"<p>Materi\u00e1l:100%bavlna 1.trieda kvality Origin\u00e1l Disney v\u00fdrobok Vyroben\u00e9 v Ma\u010farsku<\/p>\n","protected":false},"featured_media":49050,"comment_status":"closed","ping_status":"closed","template":"","meta":{"jetpack_publicize_message":"","jetpack_publicize_feature_enabled":true,"jetpack_social_post_already_shared":true,"jetpack_social_options":{"image_generator_settings":{"template":"highway","enabled":false},"version":2}},"product_brand":[],"product_cat":[42,147],"product_tag":[],"class_list":{"0":"post-49049","1":"product","2":"type-product","3":"status-publish","4":"has-post-thumbnail","6":"product_cat-oblecenie-v-86-12-18-mesiacov","7":"product_cat-dievcata-velkost-od-0-10-rokov-50-140-cm","8":"product_shipping_class-standard","9":"pa_velkost-222","10":"pa_velkost-223","11":"pa_velkost-224","12":"pa_velkost-226","14":"","15":"instock","16":"taxable","17":"shipping-taxable","18":"purchasable","19":"product-type-variable"},"jetpack_publicize_connections":[],"yoast_head":"<!-- This site is optimized with the Yoast SEO plugin v25.6 - https:\/\/yoast.com\/wordpress\/plugins\/seo\/ -->\n<title>Kr\u00e1tke nohavice Minnie - ETAKO e-shop<\/title>\n<meta name=\"robots\" content=\"index, follow, max-snippet:-1, max-image-preview:large, max-video-preview:-1\" \/>\n<link rel=\"canonical\" href=\"https:\/\/etako.sk\/eshop\/produkt\/kratke-nohavice-minnie\/\" \/>\n<meta name=\"twitter:card\" content=\"summary_large_image\" \/>\n<meta name=\"twitter:title\" content=\"Kr\u00e1tke nohavice Minnie - ETAKO e-shop\" \/>\n<meta name=\"twitter:description\" content=\"Materi\u00e1l:100%bavlna 1.trieda kvality Origin\u00e1l Disney v\u00fdrobok Vyroben\u00e9 v Ma\u010farsku\" \/>\n<meta name=\"twitter:image\" content=\"https:\/\/i0.wp.com\/etako.sk\/eshop\/wp-content\/uploads\/2026\/01\/Sr87IiTz5LA_s460xn.jpg?fit=460%2C368&ssl=1\" \/>\n<meta name=\"twitter:label1\" content=\"Predpokladan\u00fd \u010das \u010d\u00edtania\" \/>\n\t<meta name=\"twitter:data1\" content=\"1 min\u00fata\" \/>\n<script type=\"application\/ld+json\" class=\"yoast-schema-graph\">{\"@context\":\"https:\/\/schema.org\",\"@graph\":[{\"@type\":\"WebPage\",\"@id\":\"https:\/\/etako.sk\/eshop\/produkt\/kratke-nohavice-minnie\/\",\"url\":\"https:\/\/etako.sk\/eshop\/produkt\/kratke-nohavice-minnie\/\",\"name\":\"Kr\u00e1tke nohavice Minnie - ETAKO e-shop\",\"isPartOf\":{\"@id\":\"https:\/\/etako.sk\/eshop\/#website\"},\"primaryImageOfPage\":{\"@id\":\"https:\/\/etako.sk\/eshop\/produkt\/kratke-nohavice-minnie\/#primaryimage\"},\"image\":{\"@id\":\"https:\/\/etako.sk\/eshop\/produkt\/kratke-nohavice-minnie\/#primaryimage\"},\"thumbnailUrl\":\"https:\/\/i0.wp.com\/etako.sk\/eshop\/wp-content\/uploads\/2026\/01\/Sr87IiTz5LA_s460xn.jpg?fit=460%2C368&ssl=1\",\"datePublished\":\"2026-01-02T18:21:22+00:00\",\"dateModified\":\"2026-01-05T12:48:48+00:00\",\"breadcrumb\":{\"@id\":\"https:\/\/etako.sk\/eshop\/produkt\/kratke-nohavice-minnie\/#breadcrumb\"},\"inLanguage\":\"sk-SK\",\"potentialAction\":[{\"@type\":\"ReadAction\",\"target\":[\"https:\/\/etako.sk\/eshop\/produkt\/kratke-nohavice-minnie\/\"]}]},{\"@type\":\"ImageObject\",\"inLanguage\":\"sk-SK\",\"@id\":\"https:\/\/etako.sk\/eshop\/produkt\/kratke-nohavice-minnie\/#primaryimage\",\"url\":\"https:\/\/i0.wp.com\/etako.sk\/eshop\/wp-content\/uploads\/2026\/01\/Sr87IiTz5LA_s460xn.jpg?fit=460%2C368&ssl=1\",\"contentUrl\":\"https:\/\/i0.wp.com\/etako.sk\/eshop\/wp-content\/uploads\/2026\/01\/Sr87IiTz5LA_s460xn.jpg?fit=460%2C368&ssl=1\",\"width\":460,\"height\":368},{\"@type\":\"BreadcrumbList\",\"@id\":\"https:\/\/etako.sk\/eshop\/produkt\/kratke-nohavice-minnie\/#breadcrumb\",\"itemListElement\":[{\"@type\":\"ListItem\",\"position\":1,\"name\":\"Domovsk\u00e1 str\u00e1nka\",\"item\":\"https:\/\/etako.sk\/eshop\/\"},{\"@type\":\"ListItem\",\"position\":2,\"name\":\"Obchod\",\"item\":\"https:\/\/etako.sk\/eshop\/shop\/\"},{\"@type\":\"ListItem\",\"position\":3,\"name\":\"Kr\u00e1tke nohavice Minnie\"}]},{\"@type\":\"WebSite\",\"@id\":\"https:\/\/etako.sk\/eshop\/#website\",\"url\":\"https:\/\/etako.sk\/eshop\/\",\"name\":\"ETAKO e-shop\",\"description\":\"Etako\",\"potentialAction\":[{\"@type\":\"SearchAction\",\"target\":{\"@type\":\"EntryPoint\",\"urlTemplate\":\"https:\/\/etako.sk\/eshop\/?s={search_term_string}\"},\"query-input\":{\"@type\":\"PropertyValueSpecification\",\"valueRequired\":true,\"valueName\":\"search_term_string\"}}],\"inLanguage\":\"sk-SK\"}]}<\/script>\n<!-- \/ Yoast SEO plugin. -->","yoast_head_json":{"title":"Kr\u00e1tke nohavice Minnie - ETAKO e-shop","robots":{"index":"index","follow":"follow","max-snippet":"max-snippet:-1","max-image-preview":"max-image-preview:large","max-video-preview":"max-video-preview:-1"},"canonical":"https:\/\/etako.sk\/eshop\/produkt\/kratke-nohavice-minnie\/","twitter_card":"summary_large_image","twitter_title":"Kr\u00e1tke nohavice Minnie - ETAKO e-shop","twitter_description":"Materi\u00e1l:100%bavlna 1.trieda kvality Origin\u00e1l Disney v\u00fdrobok Vyroben\u00e9 v Ma\u010farsku","twitter_image":"https:\/\/i0.wp.com\/etako.sk\/eshop\/wp-content\/uploads\/2026\/01\/Sr87IiTz5LA_s460xn.jpg?fit=460%2C368&ssl=1","twitter_misc":{"Predpokladan\u00fd \u010das \u010d\u00edtania":"1 min\u00fata"},"schema":{"@context":"https:\/\/schema.org","@graph":[{"@type":"WebPage","@id":"https:\/\/etako.sk\/eshop\/produkt\/kratke-nohavice-minnie\/","url":"https:\/\/etako.sk\/eshop\/produkt\/kratke-nohavice-minnie\/","name":"Kr\u00e1tke nohavice Minnie - ETAKO e-shop","isPartOf":{"@id":"https:\/\/etako.sk\/eshop\/#website"},"primaryImageOfPage":{"@id":"https:\/\/etako.sk\/eshop\/produkt\/kratke-nohavice-minnie\/#primaryimage"},"image":{"@id":"https:\/\/etako.sk\/eshop\/produkt\/kratke-nohavice-minnie\/#primaryimage"},"thumbnailUrl":"https:\/\/i0.wp.com\/etako.sk\/eshop\/wp-content\/uploads\/2026\/01\/Sr87IiTz5LA_s460xn.jpg?fit=460%2C368&ssl=1","datePublished":"2026-01-02T18:21:22+00:00","dateModified":"2026-01-05T12:48:48+00:00","breadcrumb":{"@id":"https:\/\/etako.sk\/eshop\/produkt\/kratke-nohavice-minnie\/#breadcrumb"},"inLanguage":"sk-SK","potentialAction":[{"@type":"ReadAction","target":["https:\/\/etako.sk\/eshop\/produkt\/kratke-nohavice-minnie\/"]}]},{"@type":"ImageObject","inLanguage":"sk-SK","@id":"https:\/\/etako.sk\/eshop\/produkt\/kratke-nohavice-minnie\/#primaryimage","url":"https:\/\/i0.wp.com\/etako.sk\/eshop\/wp-content\/uploads\/2026\/01\/Sr87IiTz5LA_s460xn.jpg?fit=460%2C368&ssl=1","contentUrl":"https:\/\/i0.wp.com\/etako.sk\/eshop\/wp-content\/uploads\/2026\/01\/Sr87IiTz5LA_s460xn.jpg?fit=460%2C368&ssl=1","width":460,"height":368},{"@type":"BreadcrumbList","@id":"https:\/\/etako.sk\/eshop\/produkt\/kratke-nohavice-minnie\/#breadcrumb","itemListElement":[{"@type":"ListItem","position":1,"name":"Domovsk\u00e1 str\u00e1nka","item":"https:\/\/etako.sk\/eshop\/"},{"@type":"ListItem","position":2,"name":"Obchod","item":"https:\/\/etako.sk\/eshop\/shop\/"},{"@type":"ListItem","position":3,"name":"Kr\u00e1tke nohavice Minnie"}]},{"@type":"WebSite","@id":"https:\/\/etako.sk\/eshop\/#website","url":"https:\/\/etako.sk\/eshop\/","name":"ETAKO e-shop","description":"Etako","potentialAction":[{"@type":"SearchAction","target":{"@type":"EntryPoint","urlTemplate":"https:\/\/etako.sk\/eshop\/?s={search_term_string}"},"query-input":{"@type":"PropertyValueSpecification","valueRequired":true,"valueName":"search_term_string"}}],"inLanguage":"sk-SK"}]}},"jetpack_sharing_enabled":true,"_links":{"self":[{"href":"https:\/\/etako.sk\/eshop\/wp-json\/wp\/v2\/product\/49049","targetHints":{"allow":["GET"]}}],"collection":[{"href":"https:\/\/etako.sk\/eshop\/wp-json\/wp\/v2\/product"}],"about":[{"href":"https:\/\/etako.sk\/eshop\/wp-json\/wp\/v2\/types\/product"}],"replies":[{"embeddable":true,"href":"https:\/\/etako.sk\/eshop\/wp-json\/wp\/v2\/comments?post=49049"}],"version-history":[{"count":1,"href":"https:\/\/etako.sk\/eshop\/wp-json\/wp\/v2\/product\/49049\/revisions"}],"predecessor-version":[{"id":49052,"href":"https:\/\/etako.sk\/eshop\/wp-json\/wp\/v2\/product\/49049\/revisions\/49052"}],"wp:featuredmedia":[{"embeddable":true,"href":"https:\/\/etako.sk\/eshop\/wp-json\/wp\/v2\/media\/49050"}],"wp:attachment":[{"href":"https:\/\/etako.sk\/eshop\/wp-json\/wp\/v2\/media?parent=49049"}],"wp:term":[{"taxonomy":"product_brand","embeddable":true,"href":"https:\/\/etako.sk\/eshop\/wp-json\/wp\/v2\/product_brand?post=49049"},{"taxonomy":"product_cat","embeddable":true,"href":"https:\/\/etako.sk\/eshop\/wp-json\/wp\/v2\/product_cat?post=49049"},{"taxonomy":"product_tag","embeddable":true,"href":"https:\/\/etako.sk\/eshop\/wp-json\/wp\/v2\/product_tag?post=49049"}],"curies":[{"name":"wp","href":"https:\/\/api.w.org\/{rel}","templated":true}]}}