{"id":48893,"date":"2025-11-07T21:26:46","date_gmt":"2025-11-07T19:26:46","guid":{"rendered":"https:\/\/etako.sk\/eshop\/?post_type=product&#038;p=48893"},"modified":"2025-11-07T21:26:46","modified_gmt":"2025-11-07T19:26:46","slug":"korejska-kozmetika-eclado-liftingovy-krem-so-slimacim-slizom-50-g","status":"publish","type":"product","link":"https:\/\/etako.sk\/eshop\/produkt\/korejska-kozmetika-eclado-liftingovy-krem-so-slimacim-slizom-50-g\/","title":{"rendered":"K\u00f3rejsk\u00e1 kozmetika Eclado Liftingov\u00fd kr\u00e9m so slima\u010d\u00edm slizom 50 g"},"content":{"rendered":"<p>Prvotriedny, intenz\u00edvne regenera\u010dn\u00fd a spev\u0148uj\u00faci kr\u00e9m na tv\u00e1r, ktor\u00fd sa odpor\u00fa\u010da ako doplnok ku kozmetick\u00fdm o\u0161etreniam aj na dom\u00e1cu starostlivos\u0165.<br \/>\nAko jeden z hlavn\u00fdch produktov k\u00f3rejskej zna\u010dky Eclado tento produkt kombinuje \u00fa\u010dinky slima\u010dieho hlienu na obnovu, hydrat\u00e1ciu a\u00a0<strong>omladenie poko\u017eky<\/strong>\u00a0s nieko\u013ek\u00fdmi inovat\u00edvnymi zlo\u017ekami, ktor\u00e9 podporuj\u00fa prirodzen\u00e9 regenera\u010dn\u00e9 procesy poko\u017eky.<\/p>\n<p>Spev\u0148uj\u00faci kr\u00e9m na tv\u00e1r Eclado obsahuje 20 % nerieden\u00e9ho extraktu z k\u00f3rejsk\u00e9ho slima\u010dieho hlienu. V\u010faka svojmu jedine\u010dn\u00e9mu zlo\u017eeniu je ide\u00e1lny pre v\u0161etky typy pleti.<\/p>\n<p>&nbsp;<\/p>\n<p>INTENZ\u00cdVNE HYDRATUJE, REVITALIZUJE A P\u00d4SOB\u00cd PROTI VR\u00c1SKAM.<\/p>\n<p>&nbsp;<\/p>\n<p>Inovat\u00edvny komplex \u00fa\u010dinn\u00fdch l\u00e1tok<\/p>\n<p>\u0160peci\u00e1lne kombinuje \u00fa\u010dinky slima\u010dieho slizu s modern\u00fdmi, overen\u00fdmi dermatologicky akt\u00edvnymi zlo\u017ekami.<\/p>\n<p>Kr\u00e9m m\u00e1 extr\u00e9mne \u013eahk\u00fa text\u00faru, r\u00fdchlo sa vstreb\u00e1va a z\u00e1rove\u0148 poskytuje dlhotrvaj\u00faci pocit pohodlia.<\/p>\n<p>&nbsp;<\/p>\n<p>Obsah: 50 g<\/p>\n<p><img data-recalc-dims=\"1\" decoding=\"async\" src=\"https:\/\/i0.wp.com\/www.perlacosmetic.sk\/images\/Eclado_Snail_Lifting_Cream__15ab181f.webp?ssl=1\" \/><\/p>\n","protected":false},"excerpt":{"rendered":"<p>Prvotriedny, intenz\u00edvne regenera\u010dn\u00fd a spev\u0148uj\u00faci kr\u00e9m na tv\u00e1r, ktor\u00fd sa odpor\u00fa\u010da ako doplnok ku kozmetick\u00fdm o\u0161etreniam aj na dom\u00e1cu starostlivos\u0165.<\/p>\n","protected":false},"featured_media":48894,"comment_status":"closed","ping_status":"closed","template":"","meta":{"jetpack_publicize_message":"","jetpack_publicize_feature_enabled":true,"jetpack_social_post_already_shared":true,"jetpack_social_options":{"image_generator_settings":{"template":"highway","enabled":false},"version":2}},"product_brand":[],"product_cat":[1864,1865],"product_tag":[],"class_list":{"0":"post-48893","1":"product","2":"type-product","3":"status-publish","4":"has-post-thumbnail","6":"product_cat-dekorativna-kozmetika","7":"product_cat-denny-krem","8":"product_shipping_class-standard","10":"","11":"instock","12":"sold-individually","13":"taxable","14":"shipping-taxable","15":"purchasable","16":"product-type-simple"},"jetpack_publicize_connections":[],"yoast_head":"<!-- This site is optimized with the Yoast SEO plugin v25.6 - https:\/\/yoast.com\/wordpress\/plugins\/seo\/ -->\n<title>K\u00f3rejsk\u00e1 kozmetika Eclado Liftingov\u00fd kr\u00e9m so slima\u010d\u00edm slizom 50 g - ETAKO e-shop<\/title>\n<meta name=\"robots\" content=\"index, follow, max-snippet:-1, max-image-preview:large, max-video-preview:-1\" \/>\n<link rel=\"canonical\" href=\"https:\/\/etako.sk\/eshop\/produkt\/korejska-kozmetika-eclado-liftingovy-krem-so-slimacim-slizom-50-g\/\" \/>\n<meta name=\"twitter:card\" content=\"summary_large_image\" \/>\n<meta name=\"twitter:title\" content=\"K\u00f3rejsk\u00e1 kozmetika Eclado Liftingov\u00fd kr\u00e9m so slima\u010d\u00edm slizom 50 g - ETAKO e-shop\" \/>\n<meta name=\"twitter:description\" content=\"Prvotriedny, intenz\u00edvne regenera\u010dn\u00fd a spev\u0148uj\u00faci kr\u00e9m na tv\u00e1r, ktor\u00fd sa odpor\u00fa\u010da ako doplnok ku kozmetick\u00fdm o\u0161etreniam aj na dom\u00e1cu starostlivos\u0165.\" \/>\n<meta name=\"twitter:image\" content=\"https:\/\/i0.wp.com\/etako.sk\/eshop\/wp-content\/uploads\/2025\/11\/Eclado_Liftingovy_krem_so_slimacim_slizom_50_g_f50536a4.webp?fit=630%2C630&ssl=1\" \/>\n<meta name=\"twitter:label1\" content=\"Predpokladan\u00fd \u010das \u010d\u00edtania\" \/>\n\t<meta name=\"twitter:data1\" content=\"2 min\u00faty\" \/>\n<script type=\"application\/ld+json\" class=\"yoast-schema-graph\">{\"@context\":\"https:\/\/schema.org\",\"@graph\":[{\"@type\":\"WebPage\",\"@id\":\"https:\/\/etako.sk\/eshop\/produkt\/korejska-kozmetika-eclado-liftingovy-krem-so-slimacim-slizom-50-g\/\",\"url\":\"https:\/\/etako.sk\/eshop\/produkt\/korejska-kozmetika-eclado-liftingovy-krem-so-slimacim-slizom-50-g\/\",\"name\":\"K\u00f3rejsk\u00e1 kozmetika Eclado Liftingov\u00fd kr\u00e9m so slima\u010d\u00edm slizom 50 g - ETAKO e-shop\",\"isPartOf\":{\"@id\":\"https:\/\/etako.sk\/eshop\/#website\"},\"primaryImageOfPage\":{\"@id\":\"https:\/\/etako.sk\/eshop\/produkt\/korejska-kozmetika-eclado-liftingovy-krem-so-slimacim-slizom-50-g\/#primaryimage\"},\"image\":{\"@id\":\"https:\/\/etako.sk\/eshop\/produkt\/korejska-kozmetika-eclado-liftingovy-krem-so-slimacim-slizom-50-g\/#primaryimage\"},\"thumbnailUrl\":\"https:\/\/i0.wp.com\/etako.sk\/eshop\/wp-content\/uploads\/2025\/11\/Eclado_Liftingovy_krem_so_slimacim_slizom_50_g_f50536a4.webp?fit=630%2C630&ssl=1\",\"datePublished\":\"2025-11-07T19:26:46+00:00\",\"breadcrumb\":{\"@id\":\"https:\/\/etako.sk\/eshop\/produkt\/korejska-kozmetika-eclado-liftingovy-krem-so-slimacim-slizom-50-g\/#breadcrumb\"},\"inLanguage\":\"sk-SK\",\"potentialAction\":[{\"@type\":\"ReadAction\",\"target\":[\"https:\/\/etako.sk\/eshop\/produkt\/korejska-kozmetika-eclado-liftingovy-krem-so-slimacim-slizom-50-g\/\"]}]},{\"@type\":\"ImageObject\",\"inLanguage\":\"sk-SK\",\"@id\":\"https:\/\/etako.sk\/eshop\/produkt\/korejska-kozmetika-eclado-liftingovy-krem-so-slimacim-slizom-50-g\/#primaryimage\",\"url\":\"https:\/\/i0.wp.com\/etako.sk\/eshop\/wp-content\/uploads\/2025\/11\/Eclado_Liftingovy_krem_so_slimacim_slizom_50_g_f50536a4.webp?fit=630%2C630&ssl=1\",\"contentUrl\":\"https:\/\/i0.wp.com\/etako.sk\/eshop\/wp-content\/uploads\/2025\/11\/Eclado_Liftingovy_krem_so_slimacim_slizom_50_g_f50536a4.webp?fit=630%2C630&ssl=1\",\"width\":630,\"height\":630},{\"@type\":\"BreadcrumbList\",\"@id\":\"https:\/\/etako.sk\/eshop\/produkt\/korejska-kozmetika-eclado-liftingovy-krem-so-slimacim-slizom-50-g\/#breadcrumb\",\"itemListElement\":[{\"@type\":\"ListItem\",\"position\":1,\"name\":\"Domovsk\u00e1 str\u00e1nka\",\"item\":\"https:\/\/etako.sk\/eshop\/\"},{\"@type\":\"ListItem\",\"position\":2,\"name\":\"Obchod\",\"item\":\"https:\/\/etako.sk\/eshop\/shop\/\"},{\"@type\":\"ListItem\",\"position\":3,\"name\":\"K\u00f3rejsk\u00e1 kozmetika Eclado Liftingov\u00fd kr\u00e9m so slima\u010d\u00edm slizom 50 g\"}]},{\"@type\":\"WebSite\",\"@id\":\"https:\/\/etako.sk\/eshop\/#website\",\"url\":\"https:\/\/etako.sk\/eshop\/\",\"name\":\"ETAKO e-shop\",\"description\":\"Etako\",\"potentialAction\":[{\"@type\":\"SearchAction\",\"target\":{\"@type\":\"EntryPoint\",\"urlTemplate\":\"https:\/\/etako.sk\/eshop\/?s={search_term_string}\"},\"query-input\":{\"@type\":\"PropertyValueSpecification\",\"valueRequired\":true,\"valueName\":\"search_term_string\"}}],\"inLanguage\":\"sk-SK\"}]}<\/script>\n<!-- \/ Yoast SEO plugin. -->","yoast_head_json":{"title":"K\u00f3rejsk\u00e1 kozmetika Eclado Liftingov\u00fd kr\u00e9m so slima\u010d\u00edm slizom 50 g - ETAKO e-shop","robots":{"index":"index","follow":"follow","max-snippet":"max-snippet:-1","max-image-preview":"max-image-preview:large","max-video-preview":"max-video-preview:-1"},"canonical":"https:\/\/etako.sk\/eshop\/produkt\/korejska-kozmetika-eclado-liftingovy-krem-so-slimacim-slizom-50-g\/","twitter_card":"summary_large_image","twitter_title":"K\u00f3rejsk\u00e1 kozmetika Eclado Liftingov\u00fd kr\u00e9m so slima\u010d\u00edm slizom 50 g - ETAKO e-shop","twitter_description":"Prvotriedny, intenz\u00edvne regenera\u010dn\u00fd a spev\u0148uj\u00faci kr\u00e9m na tv\u00e1r, ktor\u00fd sa odpor\u00fa\u010da ako doplnok ku kozmetick\u00fdm o\u0161etreniam aj na dom\u00e1cu starostlivos\u0165.","twitter_image":"https:\/\/i0.wp.com\/etako.sk\/eshop\/wp-content\/uploads\/2025\/11\/Eclado_Liftingovy_krem_so_slimacim_slizom_50_g_f50536a4.webp?fit=630%2C630&ssl=1","twitter_misc":{"Predpokladan\u00fd \u010das \u010d\u00edtania":"2 min\u00faty"},"schema":{"@context":"https:\/\/schema.org","@graph":[{"@type":"WebPage","@id":"https:\/\/etako.sk\/eshop\/produkt\/korejska-kozmetika-eclado-liftingovy-krem-so-slimacim-slizom-50-g\/","url":"https:\/\/etako.sk\/eshop\/produkt\/korejska-kozmetika-eclado-liftingovy-krem-so-slimacim-slizom-50-g\/","name":"K\u00f3rejsk\u00e1 kozmetika Eclado Liftingov\u00fd kr\u00e9m so slima\u010d\u00edm slizom 50 g - ETAKO e-shop","isPartOf":{"@id":"https:\/\/etako.sk\/eshop\/#website"},"primaryImageOfPage":{"@id":"https:\/\/etako.sk\/eshop\/produkt\/korejska-kozmetika-eclado-liftingovy-krem-so-slimacim-slizom-50-g\/#primaryimage"},"image":{"@id":"https:\/\/etako.sk\/eshop\/produkt\/korejska-kozmetika-eclado-liftingovy-krem-so-slimacim-slizom-50-g\/#primaryimage"},"thumbnailUrl":"https:\/\/i0.wp.com\/etako.sk\/eshop\/wp-content\/uploads\/2025\/11\/Eclado_Liftingovy_krem_so_slimacim_slizom_50_g_f50536a4.webp?fit=630%2C630&ssl=1","datePublished":"2025-11-07T19:26:46+00:00","breadcrumb":{"@id":"https:\/\/etako.sk\/eshop\/produkt\/korejska-kozmetika-eclado-liftingovy-krem-so-slimacim-slizom-50-g\/#breadcrumb"},"inLanguage":"sk-SK","potentialAction":[{"@type":"ReadAction","target":["https:\/\/etako.sk\/eshop\/produkt\/korejska-kozmetika-eclado-liftingovy-krem-so-slimacim-slizom-50-g\/"]}]},{"@type":"ImageObject","inLanguage":"sk-SK","@id":"https:\/\/etako.sk\/eshop\/produkt\/korejska-kozmetika-eclado-liftingovy-krem-so-slimacim-slizom-50-g\/#primaryimage","url":"https:\/\/i0.wp.com\/etako.sk\/eshop\/wp-content\/uploads\/2025\/11\/Eclado_Liftingovy_krem_so_slimacim_slizom_50_g_f50536a4.webp?fit=630%2C630&ssl=1","contentUrl":"https:\/\/i0.wp.com\/etako.sk\/eshop\/wp-content\/uploads\/2025\/11\/Eclado_Liftingovy_krem_so_slimacim_slizom_50_g_f50536a4.webp?fit=630%2C630&ssl=1","width":630,"height":630},{"@type":"BreadcrumbList","@id":"https:\/\/etako.sk\/eshop\/produkt\/korejska-kozmetika-eclado-liftingovy-krem-so-slimacim-slizom-50-g\/#breadcrumb","itemListElement":[{"@type":"ListItem","position":1,"name":"Domovsk\u00e1 str\u00e1nka","item":"https:\/\/etako.sk\/eshop\/"},{"@type":"ListItem","position":2,"name":"Obchod","item":"https:\/\/etako.sk\/eshop\/shop\/"},{"@type":"ListItem","position":3,"name":"K\u00f3rejsk\u00e1 kozmetika Eclado Liftingov\u00fd kr\u00e9m so slima\u010d\u00edm slizom 50 g"}]},{"@type":"WebSite","@id":"https:\/\/etako.sk\/eshop\/#website","url":"https:\/\/etako.sk\/eshop\/","name":"ETAKO e-shop","description":"Etako","potentialAction":[{"@type":"SearchAction","target":{"@type":"EntryPoint","urlTemplate":"https:\/\/etako.sk\/eshop\/?s={search_term_string}"},"query-input":{"@type":"PropertyValueSpecification","valueRequired":true,"valueName":"search_term_string"}}],"inLanguage":"sk-SK"}]}},"jetpack_sharing_enabled":true,"_links":{"self":[{"href":"https:\/\/etako.sk\/eshop\/wp-json\/wp\/v2\/product\/48893","targetHints":{"allow":["GET"]}}],"collection":[{"href":"https:\/\/etako.sk\/eshop\/wp-json\/wp\/v2\/product"}],"about":[{"href":"https:\/\/etako.sk\/eshop\/wp-json\/wp\/v2\/types\/product"}],"replies":[{"embeddable":true,"href":"https:\/\/etako.sk\/eshop\/wp-json\/wp\/v2\/comments?post=48893"}],"version-history":[{"count":1,"href":"https:\/\/etako.sk\/eshop\/wp-json\/wp\/v2\/product\/48893\/revisions"}],"predecessor-version":[{"id":48895,"href":"https:\/\/etako.sk\/eshop\/wp-json\/wp\/v2\/product\/48893\/revisions\/48895"}],"wp:featuredmedia":[{"embeddable":true,"href":"https:\/\/etako.sk\/eshop\/wp-json\/wp\/v2\/media\/48894"}],"wp:attachment":[{"href":"https:\/\/etako.sk\/eshop\/wp-json\/wp\/v2\/media?parent=48893"}],"wp:term":[{"taxonomy":"product_brand","embeddable":true,"href":"https:\/\/etako.sk\/eshop\/wp-json\/wp\/v2\/product_brand?post=48893"},{"taxonomy":"product_cat","embeddable":true,"href":"https:\/\/etako.sk\/eshop\/wp-json\/wp\/v2\/product_cat?post=48893"},{"taxonomy":"product_tag","embeddable":true,"href":"https:\/\/etako.sk\/eshop\/wp-json\/wp\/v2\/product_tag?post=48893"}],"curies":[{"name":"wp","href":"https:\/\/api.w.org\/{rel}","templated":true}]}}