{"id":48706,"date":"2025-08-11T17:19:40","date_gmt":"2025-08-11T15:19:40","guid":{"rendered":"https:\/\/etako.sk\/eshop\/?post_type=product&#038;p=48706"},"modified":"2025-08-11T17:19:40","modified_gmt":"2025-08-11T15:19:40","slug":"scrunchie-ozdobna-gumicka-so-vlasov-plys","status":"publish","type":"product","link":"https:\/\/etako.sk\/eshop\/produkt\/scrunchie-ozdobna-gumicka-so-vlasov-plys\/","title":{"rendered":"Scrunchie ozdobn\u00e1 gumi\u010dka so vlasov ply\u0161"},"content":{"rendered":"<p>Gumi\u010dka je vyroben\u00e1 z ply\u0161ovej l\u00e1tky. Leskl\u00e1. Ve\u013emi pekn\u00e1.<\/p>\n","protected":false},"excerpt":{"rendered":"<p>Gumi\u010dka je vyroben\u00e1 z ply\u0161ovej l\u00e1tky. Leskl\u00e1. Ve\u013emi pekn\u00e1.<\/p>\n","protected":false},"featured_media":48707,"comment_status":"closed","ping_status":"closed","template":"","meta":{"jetpack_publicize_message":"","jetpack_publicize_feature_enabled":true,"jetpack_social_post_already_shared":true,"jetpack_social_options":{"image_generator_settings":{"template":"highway","enabled":false},"version":2}},"product_brand":[],"product_cat":[626,604],"product_tag":[],"class_list":{"0":"post-48706","1":"product","2":"type-product","3":"status-publish","4":"has-post-thumbnail","6":"product_cat-gumicka-do-vlasov","7":"product_cat-vlastna-vyroba-hand-made","8":"product_shipping_class-standard","10":"","11":"instock","12":"taxable","13":"shipping-taxable","14":"purchasable","15":"product-type-simple"},"jetpack_publicize_connections":[],"yoast_head":"<!-- This site is optimized with the Yoast SEO plugin v25.6 - https:\/\/yoast.com\/wordpress\/plugins\/seo\/ -->\n<title>Scrunchie ozdobn\u00e1 gumi\u010dka so vlasov ply\u0161 - ETAKO e-shop<\/title>\n<meta name=\"robots\" content=\"index, follow, max-snippet:-1, max-image-preview:large, max-video-preview:-1\" \/>\n<link rel=\"canonical\" href=\"https:\/\/etako.sk\/eshop\/produkt\/scrunchie-ozdobna-gumicka-so-vlasov-plys\/\" \/>\n<meta name=\"twitter:card\" content=\"summary_large_image\" \/>\n<meta name=\"twitter:title\" content=\"Scrunchie ozdobn\u00e1 gumi\u010dka so vlasov ply\u0161 - ETAKO e-shop\" \/>\n<meta name=\"twitter:description\" content=\"Gumi\u010dka je vyroben\u00e1 z ply\u0161ovej l\u00e1tky. Leskl\u00e1. Ve\u013emi pekn\u00e1.\" \/>\n<meta name=\"twitter:image\" content=\"https:\/\/i0.wp.com\/etako.sk\/eshop\/wp-content\/uploads\/2025\/08\/H9PMhF4PUGv_s460xn.jpg?fit=460%2C613&ssl=1\" \/>\n<meta name=\"twitter:label1\" content=\"Predpokladan\u00fd \u010das \u010d\u00edtania\" \/>\n\t<meta name=\"twitter:data1\" content=\"1 min\u00fata\" \/>\n<script type=\"application\/ld+json\" class=\"yoast-schema-graph\">{\"@context\":\"https:\/\/schema.org\",\"@graph\":[{\"@type\":\"WebPage\",\"@id\":\"https:\/\/etako.sk\/eshop\/produkt\/scrunchie-ozdobna-gumicka-so-vlasov-plys\/\",\"url\":\"https:\/\/etako.sk\/eshop\/produkt\/scrunchie-ozdobna-gumicka-so-vlasov-plys\/\",\"name\":\"Scrunchie ozdobn\u00e1 gumi\u010dka so vlasov ply\u0161 - ETAKO e-shop\",\"isPartOf\":{\"@id\":\"https:\/\/etako.sk\/eshop\/#website\"},\"primaryImageOfPage\":{\"@id\":\"https:\/\/etako.sk\/eshop\/produkt\/scrunchie-ozdobna-gumicka-so-vlasov-plys\/#primaryimage\"},\"image\":{\"@id\":\"https:\/\/etako.sk\/eshop\/produkt\/scrunchie-ozdobna-gumicka-so-vlasov-plys\/#primaryimage\"},\"thumbnailUrl\":\"https:\/\/i0.wp.com\/etako.sk\/eshop\/wp-content\/uploads\/2025\/08\/H9PMhF4PUGv_s460xn.jpg?fit=460%2C613&ssl=1\",\"datePublished\":\"2025-08-11T15:19:40+00:00\",\"breadcrumb\":{\"@id\":\"https:\/\/etako.sk\/eshop\/produkt\/scrunchie-ozdobna-gumicka-so-vlasov-plys\/#breadcrumb\"},\"inLanguage\":\"sk-SK\",\"potentialAction\":[{\"@type\":\"ReadAction\",\"target\":[\"https:\/\/etako.sk\/eshop\/produkt\/scrunchie-ozdobna-gumicka-so-vlasov-plys\/\"]}]},{\"@type\":\"ImageObject\",\"inLanguage\":\"sk-SK\",\"@id\":\"https:\/\/etako.sk\/eshop\/produkt\/scrunchie-ozdobna-gumicka-so-vlasov-plys\/#primaryimage\",\"url\":\"https:\/\/i0.wp.com\/etako.sk\/eshop\/wp-content\/uploads\/2025\/08\/H9PMhF4PUGv_s460xn.jpg?fit=460%2C613&ssl=1\",\"contentUrl\":\"https:\/\/i0.wp.com\/etako.sk\/eshop\/wp-content\/uploads\/2025\/08\/H9PMhF4PUGv_s460xn.jpg?fit=460%2C613&ssl=1\",\"width\":460,\"height\":613},{\"@type\":\"BreadcrumbList\",\"@id\":\"https:\/\/etako.sk\/eshop\/produkt\/scrunchie-ozdobna-gumicka-so-vlasov-plys\/#breadcrumb\",\"itemListElement\":[{\"@type\":\"ListItem\",\"position\":1,\"name\":\"Domovsk\u00e1 str\u00e1nka\",\"item\":\"https:\/\/etako.sk\/eshop\/\"},{\"@type\":\"ListItem\",\"position\":2,\"name\":\"Obchod\",\"item\":\"https:\/\/etako.sk\/eshop\/shop\/\"},{\"@type\":\"ListItem\",\"position\":3,\"name\":\"Scrunchie ozdobn\u00e1 gumi\u010dka so vlasov ply\u0161\"}]},{\"@type\":\"WebSite\",\"@id\":\"https:\/\/etako.sk\/eshop\/#website\",\"url\":\"https:\/\/etako.sk\/eshop\/\",\"name\":\"ETAKO e-shop\",\"description\":\"Etako\",\"potentialAction\":[{\"@type\":\"SearchAction\",\"target\":{\"@type\":\"EntryPoint\",\"urlTemplate\":\"https:\/\/etako.sk\/eshop\/?s={search_term_string}\"},\"query-input\":{\"@type\":\"PropertyValueSpecification\",\"valueRequired\":true,\"valueName\":\"search_term_string\"}}],\"inLanguage\":\"sk-SK\"}]}<\/script>\n<!-- \/ Yoast SEO plugin. -->","yoast_head_json":{"title":"Scrunchie ozdobn\u00e1 gumi\u010dka so vlasov ply\u0161 - ETAKO e-shop","robots":{"index":"index","follow":"follow","max-snippet":"max-snippet:-1","max-image-preview":"max-image-preview:large","max-video-preview":"max-video-preview:-1"},"canonical":"https:\/\/etako.sk\/eshop\/produkt\/scrunchie-ozdobna-gumicka-so-vlasov-plys\/","twitter_card":"summary_large_image","twitter_title":"Scrunchie ozdobn\u00e1 gumi\u010dka so vlasov ply\u0161 - ETAKO e-shop","twitter_description":"Gumi\u010dka je vyroben\u00e1 z ply\u0161ovej l\u00e1tky. Leskl\u00e1. Ve\u013emi pekn\u00e1.","twitter_image":"https:\/\/i0.wp.com\/etako.sk\/eshop\/wp-content\/uploads\/2025\/08\/H9PMhF4PUGv_s460xn.jpg?fit=460%2C613&ssl=1","twitter_misc":{"Predpokladan\u00fd \u010das \u010d\u00edtania":"1 min\u00fata"},"schema":{"@context":"https:\/\/schema.org","@graph":[{"@type":"WebPage","@id":"https:\/\/etako.sk\/eshop\/produkt\/scrunchie-ozdobna-gumicka-so-vlasov-plys\/","url":"https:\/\/etako.sk\/eshop\/produkt\/scrunchie-ozdobna-gumicka-so-vlasov-plys\/","name":"Scrunchie ozdobn\u00e1 gumi\u010dka so vlasov ply\u0161 - ETAKO e-shop","isPartOf":{"@id":"https:\/\/etako.sk\/eshop\/#website"},"primaryImageOfPage":{"@id":"https:\/\/etako.sk\/eshop\/produkt\/scrunchie-ozdobna-gumicka-so-vlasov-plys\/#primaryimage"},"image":{"@id":"https:\/\/etako.sk\/eshop\/produkt\/scrunchie-ozdobna-gumicka-so-vlasov-plys\/#primaryimage"},"thumbnailUrl":"https:\/\/i0.wp.com\/etako.sk\/eshop\/wp-content\/uploads\/2025\/08\/H9PMhF4PUGv_s460xn.jpg?fit=460%2C613&ssl=1","datePublished":"2025-08-11T15:19:40+00:00","breadcrumb":{"@id":"https:\/\/etako.sk\/eshop\/produkt\/scrunchie-ozdobna-gumicka-so-vlasov-plys\/#breadcrumb"},"inLanguage":"sk-SK","potentialAction":[{"@type":"ReadAction","target":["https:\/\/etako.sk\/eshop\/produkt\/scrunchie-ozdobna-gumicka-so-vlasov-plys\/"]}]},{"@type":"ImageObject","inLanguage":"sk-SK","@id":"https:\/\/etako.sk\/eshop\/produkt\/scrunchie-ozdobna-gumicka-so-vlasov-plys\/#primaryimage","url":"https:\/\/i0.wp.com\/etako.sk\/eshop\/wp-content\/uploads\/2025\/08\/H9PMhF4PUGv_s460xn.jpg?fit=460%2C613&ssl=1","contentUrl":"https:\/\/i0.wp.com\/etako.sk\/eshop\/wp-content\/uploads\/2025\/08\/H9PMhF4PUGv_s460xn.jpg?fit=460%2C613&ssl=1","width":460,"height":613},{"@type":"BreadcrumbList","@id":"https:\/\/etako.sk\/eshop\/produkt\/scrunchie-ozdobna-gumicka-so-vlasov-plys\/#breadcrumb","itemListElement":[{"@type":"ListItem","position":1,"name":"Domovsk\u00e1 str\u00e1nka","item":"https:\/\/etako.sk\/eshop\/"},{"@type":"ListItem","position":2,"name":"Obchod","item":"https:\/\/etako.sk\/eshop\/shop\/"},{"@type":"ListItem","position":3,"name":"Scrunchie ozdobn\u00e1 gumi\u010dka so vlasov ply\u0161"}]},{"@type":"WebSite","@id":"https:\/\/etako.sk\/eshop\/#website","url":"https:\/\/etako.sk\/eshop\/","name":"ETAKO e-shop","description":"Etako","potentialAction":[{"@type":"SearchAction","target":{"@type":"EntryPoint","urlTemplate":"https:\/\/etako.sk\/eshop\/?s={search_term_string}"},"query-input":{"@type":"PropertyValueSpecification","valueRequired":true,"valueName":"search_term_string"}}],"inLanguage":"sk-SK"}]}},"jetpack_sharing_enabled":true,"_links":{"self":[{"href":"https:\/\/etako.sk\/eshop\/wp-json\/wp\/v2\/product\/48706","targetHints":{"allow":["GET"]}}],"collection":[{"href":"https:\/\/etako.sk\/eshop\/wp-json\/wp\/v2\/product"}],"about":[{"href":"https:\/\/etako.sk\/eshop\/wp-json\/wp\/v2\/types\/product"}],"replies":[{"embeddable":true,"href":"https:\/\/etako.sk\/eshop\/wp-json\/wp\/v2\/comments?post=48706"}],"version-history":[{"count":1,"href":"https:\/\/etako.sk\/eshop\/wp-json\/wp\/v2\/product\/48706\/revisions"}],"predecessor-version":[{"id":48708,"href":"https:\/\/etako.sk\/eshop\/wp-json\/wp\/v2\/product\/48706\/revisions\/48708"}],"wp:featuredmedia":[{"embeddable":true,"href":"https:\/\/etako.sk\/eshop\/wp-json\/wp\/v2\/media\/48707"}],"wp:attachment":[{"href":"https:\/\/etako.sk\/eshop\/wp-json\/wp\/v2\/media?parent=48706"}],"wp:term":[{"taxonomy":"product_brand","embeddable":true,"href":"https:\/\/etako.sk\/eshop\/wp-json\/wp\/v2\/product_brand?post=48706"},{"taxonomy":"product_cat","embeddable":true,"href":"https:\/\/etako.sk\/eshop\/wp-json\/wp\/v2\/product_cat?post=48706"},{"taxonomy":"product_tag","embeddable":true,"href":"https:\/\/etako.sk\/eshop\/wp-json\/wp\/v2\/product_tag?post=48706"}],"curies":[{"name":"wp","href":"https:\/\/api.w.org\/{rel}","templated":true}]}}