{"id":48613,"date":"2025-07-15T20:26:41","date_gmt":"2025-07-15T18:26:41","guid":{"rendered":"https:\/\/etako.sk\/eshop\/?post_type=product&#038;p=48613"},"modified":"2025-07-15T20:26:41","modified_gmt":"2025-07-15T18:26:41","slug":"orin-collagen-beauty-pre-vlasy-nechty-a-plet-citron","status":"publish","type":"product","link":"https:\/\/etako.sk\/eshop\/produkt\/orin-collagen-beauty-pre-vlasy-nechty-a-plet-citron\/","title":{"rendered":"ORIN COLLAGEN Beauty pre vlasy, nechty a ple\u0165 CITR\u00d3N"},"content":{"rendered":"<p>Komplexn\u00fd kolag\u00e9nov\u00fd doplnok v\u00fd\u017eivy\u00a0<strong>pre poko\u017eku, vlasy a nechty.\u00a0<\/strong>Obsahuje\u00a0<strong>klinicky testovan\u00fd kolag\u00e9n Naticol<sup>\u00ae<\/sup><\/strong>\u00a0a\u00a0<strong>klinicky testovan\u00fd Astrion<sup>\u00ae<\/sup>,\u00a0<\/strong>ktor\u00fd<strong>\u00a0zvy\u0161uje \u00fa\u010dinky\u00a0<\/strong>kolag\u00e9nu a\u00a0kyseliny hyalur\u00f3novej.\u00a0<strong>Spoma\u013euje prejavy starnutia<\/strong>,\u00a0<strong>redukuje v\u00fdskyt vr\u00e1sok<\/strong>,\u00a0<strong>zlep\u0161uje pru\u017enos\u0165 a hydrat\u00e1ciu poko\u017eky<\/strong>,\u00a0<strong>posil\u0148uje pevnos\u0165 nechtov<\/strong>\u00a0a\u00a0<strong>zdravie vlasov<\/strong>.<br \/>\nV\u010faka obsahu ak\u00e1ciovej vl\u00e1kniny\u00a0<strong>podporuje zdravie \u010driev.\u00a0<\/strong>Zdrav\u00e9 \u010drev\u00e1 umo\u017e\u0148uj\u00fa lep\u0161ie vstreb\u00e1vanie v\u00fd\u017eivn\u00fdch l\u00e1tok a ovplyv\u0148uj\u00fa aj vzh\u013ead a zdravie poko\u017eky, vlasov a nechtov.<br \/>\n<strong>Obsahuje:<\/strong><\/p>\n<ul>\n<li>5 000 mg rybieho kolag\u00e9nu\u00a0<strong>s \u00fa\u010dinkami overen\u00fdmi klinick\u00fdmi \u0161t\u00fadiami<\/strong><\/li>\n<li>Astrion<sup>\u00ae<\/sup>\u00a0na\u00a0<strong>zv\u00fd\u0161enie tvorby vlastn\u00e9ho kolag\u00e9nu<\/strong><\/li>\n<li>Vitam\u00edn C\u00a0<strong><strong>na dobr\u00e9 vstreb\u00e1vanie kolag\u00e9nu<\/strong><\/strong>\n<ul>\n<li>Kyselinu hyalur\u00f3nov\u00fa pre\u00a0<strong>zv\u00fd\u0161enie pru\u017enosti a hydrat\u00e1cie poko\u017eky<\/strong><\/li>\n<li>zinok, biot\u00edn a sel\u00e9n\u00a0<strong>pre kr\u00e1sne vlasy a zdrav\u00e9 nechty<\/strong><\/li>\n<li>ak\u00e1ciov\u00fa vl\u00e1kninu na\u00a0<strong>podporu zdravia \u010driev<\/strong><\/li>\n<\/ul>\n<p>\u2713 Prv\u00fd komplexn\u00fd doplnok na SK\/CZ trhu s Astrion\u00ae a kolag\u00e9nom Naticol\u00ae<br \/>\n\u2713 Podpora zdravia \u010driev (mikrobi\u00f3mu) a t\u00fdm aj poko\u017eky, vlasov a nechtov<br \/>\n\u2713 Spomalenie \u00fa\u010dinkov starnutia a zlep\u0161enie hydrat\u00e1cie poko\u017eky<br \/>\n\u2713 Zv\u00fd\u0161en\u00e1 \u00fa\u010dinnos\u0165 produkcie kolag\u00e9nu a kyseliny hyalur\u00f3novej<br \/>\n\u2713 Komplexn\u00e1 podpora s vitam\u00ednmi a miner\u00e1lmi pre kr\u00e1su a\u00a0zdravie<\/p>\n<p>Z\u00e1kladnou zlo\u017ekou je<strong>\u00a0kolag\u00e9n Naticol\u00ae<\/strong>, ktor\u00fd m\u00e1<strong>\u00a0klinick\u00fdmi sk\u00fa\u0161kami preuk\u00e1zan\u00fa<\/strong>\u00a0<strong>schopnos\u0165 spomali\u0165 \u00fa\u010dinky starnutia.<\/strong>\u00a0Rovnako bolo potvrden\u00e9, \u017ee j<strong>eho denn\u00e1 konzum\u00e1cia zlep\u0161uje hydrat\u00e1ciu<\/strong>,\u00a0<strong>pru\u017enos\u0165<\/strong>,\u00a0<strong>pevnos\u0165 a jas poko\u017eky<\/strong>\u00a0a\u00a0<strong>redukuje v\u00fdskyt vr\u00e1sok<\/strong>.<\/p>\n<p><strong>Na zv\u00fd\u0161enie \u00fa\u010dinkov sme pou\u017eili klinicky testovan\u00fa l\u00e1tku Astrion\u00ae.<\/strong>\u00a0\u0160t\u00fadie preuk\u00e1zali, \u017ee Astrion\u00ae zv\u00fd\u0161il schopnos\u0165 ko\u017en\u00fdch buniek produkova\u0165 viac kolag\u00e9nu a kyseliny hyaluronovej a spomalil rozklad kolag\u00e9nu a elast\u00ednu v porovnan\u00ed s kontrolnou skupinou.\u00a0<strong>V \u0161t\u00fadii na \u013eu\u010foch preuk\u00e1zalo pou\u017eitie \u00a0Astrionu\u00ae menej vr\u00e1sok u\u017e po 30 d\u0148och pou\u017e\u00edvania.<\/strong><\/li>\n<li><strong>V\u00a0BEAUTY COLLAGEN\u00a0<\/strong>sme pou\u017eili<strong>\u00a0kyselinu hyaluronov\u00fa<\/strong>\u00a0<strong>s\u00a0ni\u017e\u0161ou molekulovou hmotnos\u0165ou<\/strong>\u00a00,6 -0,8kDa, be\u017ene sa v\u00a0kolag\u00e9nov\u00fdch produktoch pou\u017e\u00edva molekulov\u00e1 hmotnos\u0165 0,8-1,5kDa.\u00a0 Via\u017ee vodu v\u00a0poko\u017eke, \u010d\u00edm\u00a0<strong>pom\u00e1ha udr\u017eiava\u0165 jej vlhkos\u0165\u00a0<\/strong>a spolu s\u00a0kolag\u00e9nom<strong>\u00a0zais\u0165uje jej pru\u017enos\u0165 a\u00a0jemnos\u0165.<\/strong>\n<p>Na \u00fapravu prostredia \u010dreva a<strong>\u00a0v\u00fd\u017eivu \u010drevn\u00e9ho mikrobi\u00f3mu<\/strong>\u00a0je pr\u00edtomn\u00e1<strong>\u00a0prebiotick\u00e1<\/strong>\u00a0<strong>ak\u00e1ciov\u00e1 vl\u00e1knina\u00a0<\/strong>od franc\u00fazskej firmy zalo\u017eenej v\u00a0roku 1895<strong>.<\/strong>\u00a0Tento n\u00e1\u0161 dod\u00e1vate\u013e je svetovou jednotkou v\u00a0oblasti rastlinn\u00fdch l\u00e1tok a aj ak\u00e1ciov\u00e1 vl\u00e1knina m\u00e1 \u00fa\u010dinky preuk\u00e1zan\u00e9 klinickou \u0161t\u00fadiou.<\/p>\n<p><strong>Enz\u00fdm papa\u00edn\u00a0<\/strong>z tropickej rastliny pap\u00e1ja (Carica papaya) pom\u00e1ha \u0161tiepi\u0165\u00a0<a href=\"https:\/\/www.orinbody.sk\/slovnik-pojmov\/bielkoviny\/\">bielkoviny<\/a>\u00a0a\u00a0<strong>m\u00e1 uk\u013eud\u0148uj\u00face \u00fa\u010dinky na \u017eal\u00fado\u010dn\u00fa sliznicu.<\/strong><\/p>\n<p><strong>BEAUTY COLLAGEN je doplnen\u00fd o\u00a0vitam\u00edny a\u00a0miner\u00e1ly,<\/strong>\u00a0ktor\u00e9 s\u00fa d\u00f4le\u017eit\u00e9 pre zdravie poko\u017eky, vlasov a\u00a0nechtov. Biot\u00edn prispeva k\u00a0udr\u017eaniu zdravej poko\u017eky a\u00a0vlasov. Sel\u00e9n prispieva k\u00a0udr\u017eanie zdrav\u00fdch vlasov a\u00a0nechtov. Zinok prispieva k\u00a0udr\u017eaniu zdravej poko\u017eky, vlasov a\u00a0nechtov. Zinok podporuje tvorbu kolag\u00e9nu, ktor\u00fd je zodpovedn\u00fd za elasticitu a\u00a0pevnos\u0165 ko\u017ee.<\/p>\n<p><strong>\u010co m\u00f4\u017ee\u0161 o\u010dak\u00e1va\u0165?<\/strong><\/p>\n<p><strong>Vidite\u013ene kraj\u0161ia poko\u017eka<\/strong><br \/>\nPoc\u00edti\u0161 zlep\u0161enie hydrat\u00e1cie a pru\u017enosti tvojej poko\u017eky. V\u010faka kombin\u00e1cii kolag\u00e9nu Naticol\u00ae a kyseliny hyalur\u00f3novej s ni\u017e\u0161ou molekulovou hmotnos\u0165ou bude tvoja poko\u017eka pevnej\u0161ia a jasnej\u0161ia, s redukovan\u00fdmi vr\u00e1skami u\u017e po kr\u00e1tkom \u010dase u\u017e\u00edvania.<\/p>\n<p><strong>Silnej\u0161ie vlasy a nechty<\/strong><br \/>\nS podporou vitam\u00ednov a miner\u00e1lov, ako s\u00fa biot\u00edn, sel\u00e9n a zinok, sa tvoje vlasy a nechty stan\u00fa silnej\u0161\u00edmi a odolnej\u0161\u00edmi. Zdrav\u00fd vn\u00fatorn\u00fd stav \u010driev ovplyvn\u00ed ich prirodzen\u00fd rast a vzh\u013ead.<\/p>\n<p><strong>Podpora zdravia \u010driev<\/strong><br \/>\nPrebiotick\u00e1 ak\u00e1ciov\u00e1 vl\u00e1knina a enz\u00fdm pap\u00edn spolo\u010dne podporuj\u00fa zdravie tvojho \u010drevn\u00e9ho mikrobi\u00f3mu a tr\u00e1viaceho syst\u00e9mu. Lep\u0161ie tr\u00e1venie znamen\u00e1 lep\u0161ie vstreb\u00e1vanie \u017eiv\u00edn pre kr\u00e1su zvn\u00fatra.<\/p>\n<p><strong>Spomalenie starnutia<\/strong><br \/>\nV\u010faka \u00fa\u010dinnosti Astrion\u00ae a kolag\u00e9nu Naticol\u00ae m\u00f4\u017ee\u0161 o\u010dak\u00e1va\u0165 spomalenie starnutia, men\u0161\u00ed v\u00fdskyt vr\u00e1sok a celkov\u00e9 omladenie poko\u017eky. Tvoj vzh\u013ead bude odr\u00e1\u017ea\u0165 vitalitu a zdravie tvojho tela zvn\u00fatra.<\/p>\n<p><strong>Zachovaj si mladistv\u00fd vzh\u013ead, ktor\u00fd pramen\u00ed zvn\u00fatra<\/strong><\/p>\n<p>Nedovo\u013e, aby zn\u00e1mky starnutia a ka\u017edodenn\u00e9ho stresu ovplyv\u0148ovali tvoje sebavedomie. Objednaj si na Slovensku vyvinut\u00fd kolag\u00e9n v pr\u00e1\u0161ku BEAUTY COLLAGEN a vst\u00e1vaj s dobr\u00fdm pocitom, \u017ee o tvoju poko\u017eku aj zdravie \u010driev je postaran\u00e9.<\/p>\n<p><strong>Citr\u00f3n 231g:<\/strong>\u00a0Naticol\u00ae &#8211; Hydrolyzovan\u00e9 kolag\u00e9nov\u00e9 peptidy z r\u00fdb, vitam\u00edn C (kyselina L\u2013askorbov\u00e1), extrakt zo \u017eivice z kon\u00e1rov Ak\u00e1cie senegalskej (Acacia senegal), Astrion\u00ae &#8211; vysoko purifikovan\u00e9 \u010dasti z kore\u0148a Kozinca blanit\u00e9ho (Astralagus membranaceus) a z Pupo\u010dn\u00edka \u00e1zijsk\u00e9ho (Centella asiatica), ar\u00f3ma: citr\u00f3n, hyaluronan sodn\u00fd, regul\u00e1tor kyslosti: kyselina jabl\u010dn\u00e1, tr\u00e1viaci enz\u00fdm papa\u00edn z plodov Pap\u00e1je mel\u00f3novej (Carica papaya), zinok (diglycin\u00e1t zino\u010dnat\u00fd), sladidlo: glykozidy steviolu, farbivo: betakarot\u00e9n,\u00a0 sel\u00e9n (L-Selenometion\u00edn), biot\u00edn (D-Biot\u00edn).<\/p>\n<p><strong>Vi\u0161\u0148a 234g:<\/strong>\u00a0Naticol\u00ae &#8211; Hydrolyzovan\u00e9 kolag\u00e9nov\u00e9 peptidy z r\u00fdb, vitam\u00edn C (kyselina L\u2013askorbov\u00e1), extrakt zo \u017eivice z kon\u00e1rov Ak\u00e1cie senegalskej (Acacia senegal), Astrion\u00ae &#8211; vysoko purifikovan\u00e9 \u010dasti z kore\u0148a Kozinca blanit\u00e9ho (Astralagus membranaceus) a z Pupo\u010dn\u00edka \u00e1zijsk\u00e9ho (Centella asiatica), ar\u00f3ma: vi\u0161\u0148a, hyaluronan sodn\u00fd, regul\u00e1tor kyslosti: kyselina jabl\u010dn\u00e1, tr\u00e1viaci enz\u00fdm papa\u00edn z plodov Pap\u00e1je mel\u00f3novej (Carica papaya), zinok (diglycin\u00e1t zino\u010dnat\u00fd), sladidlo: glykozidy steviolu, farbivo: betakarot\u00e9n,\u00a0 sel\u00e9n (L-Selenometion\u00edn), biot\u00edn (D-Biot\u00edn).<br \/>\n<strong>Anan\u00e1s 229g:<\/strong>\u00a0Naticol\u00ae &#8211; Hydrolyzovan\u00e9 kolag\u00e9nov\u00e9 peptidy z r\u00fdb, vitam\u00edn C (kyselina L\u2013askorbov\u00e1), extrakt zo \u017eivice z kon\u00e1rov Ak\u00e1cie senegalskej (Acacia senegal), Astrion\u00ae &#8211; vysoko purifikovan\u00e9 \u010dasti z kore\u0148a Kozinca blanit\u00e9ho (Astralagus membranaceus) a z Pupo\u010dn\u00edka \u00e1zijsk\u00e9ho (Centella asiatica), ar\u00f3ma: anan\u00e1s, hyaluronan sodn\u00fd, regul\u00e1tor kyslosti: kyselina jabl\u010dn\u00e1, tr\u00e1viaci enz\u00fdm papa\u00edn z plodov Pap\u00e1je mel\u00f3novej (Carica papaya), zinok (diglycin\u00e1t zino\u010dnat\u00fd), sladidlo: glykozidy steviolu, farbivo: betakarot\u00e9n,\u00a0 sel\u00e9n (L-Selenometion\u00edn), biot\u00edn (D-Biot\u00edn).<\/p>\n<p><strong>\u0160umiv\u00fd pomaran\u010d 281g:<\/strong>\u00a0Naticol\u00ae &#8211; hydrolyzovan\u00e9 kolag\u00e9nov\u00e9 peptidy z r\u00fdb, vitam\u00edn C (kyselina L\u2013askorbov\u00e1), extrakt zo \u017eivice z kon\u00e1rov Ak\u00e1cie senegalskej (Acacia senegal), hydrogenuhli\u010ditan sodn\u00fd , regul\u00e1tor kyslosti: kyselina jabl\u010dn\u00e1, Astrion\u00ae &#8211; vysoko purifikovan\u00e9 \u010dasti z kore\u0148a Kozinca blanit\u00e9ho (Astralagus membranaceus) a z Pupo\u010dn\u00edka \u00e1zijsk\u00e9ho (Centella asiatica), pr\u00edrodn\u00e1 ar\u00f3ma: pomaran\u010d, farbivo: betakarot\u00e9n, hyaluronan sodn\u00fd, tr\u00e1viaci enz\u00fdm papa\u00edn z plodov Pap\u00e1je mel\u00f3novej (Carica papaya), zinok (diglycin\u00e1t zino\u010dnat\u00fd), sladidlo: glykozidy steviolu, sel\u00e9n (L-Selenometion\u00edn), biot\u00edn (D-Biot\u00edn).<\/p>\n<p><strong>Balenie obsahuje 30 denn\u00fdch d\u00e1vok.<\/strong>\u00a0Do poh\u00e1ra s objemom 200 ml nasyp 1x denne 1 prilo\u017een\u00fa odmerku (naplnen\u00fa po rysku 15 ml) v\u00fd\u017eivov\u00e9ho doplnku, zalej vodou a dobre premie\u0161aj. Po \u00faplnom rozpusten\u00ed n\u00e1poj vypi.<\/li>\n<\/ul>\n","protected":false},"excerpt":{"rendered":"<p>Komplexn\u00fd kolag\u00e9nov\u00fd doplnok v\u00fd\u017eivy\u00a0pre poko\u017eku, vlasy a nechty.\u00a0Obsahuje\u00a0klinicky testovan\u00fd kolag\u00e9n Naticol\u00ae\u00a0a\u00a0klinicky testovan\u00fd Astrion\u00ae,\u00a0ktor\u00fd\u00a0zvy\u0161uje \u00fa\u010dinky\u00a0kolag\u00e9nu a\u00a0kyseliny hyalur\u00f3novej.\u00a0Spoma\u013euje prejavy starnutia,\u00a0redukuje v\u00fdskyt vr\u00e1sok,\u00a0zlep\u0161uje<\/p>\n","protected":false},"featured_media":48614,"comment_status":"closed","ping_status":"closed","template":"","meta":{"jetpack_publicize_message":"","jetpack_publicize_feature_enabled":true,"jetpack_social_post_already_shared":true,"jetpack_social_options":{"image_generator_settings":{"template":"highway","enabled":false},"version":2}},"product_brand":[],"product_cat":[1874],"product_tag":[],"class_list":{"0":"post-48613","1":"product","2":"type-product","3":"status-publish","4":"has-post-thumbnail","6":"product_cat-chudnutie-a-kolageny","8":"","9":"instock","10":"taxable","11":"shipping-taxable","12":"purchasable","13":"product-type-simple"},"jetpack_publicize_connections":[],"yoast_head":"<!-- This site is optimized with the Yoast SEO plugin v25.6 - https:\/\/yoast.com\/wordpress\/plugins\/seo\/ -->\n<title>ORIN COLLAGEN Beauty pre vlasy, nechty a ple\u0165 CITR\u00d3N - ETAKO e-shop<\/title>\n<meta name=\"robots\" content=\"index, follow, max-snippet:-1, max-image-preview:large, max-video-preview:-1\" \/>\n<link rel=\"canonical\" href=\"https:\/\/etako.sk\/eshop\/produkt\/orin-collagen-beauty-pre-vlasy-nechty-a-plet-citron\/\" \/>\n<meta name=\"twitter:card\" content=\"summary_large_image\" \/>\n<meta name=\"twitter:title\" content=\"ORIN COLLAGEN Beauty pre vlasy, nechty a ple\u0165 CITR\u00d3N - ETAKO e-shop\" \/>\n<meta name=\"twitter:description\" content=\"Komplexn\u00fd kolag\u00e9nov\u00fd doplnok v\u00fd\u017eivy\u00a0pre poko\u017eku, vlasy a nechty.\u00a0Obsahuje\u00a0klinicky testovan\u00fd kolag\u00e9n Naticol\u00ae\u00a0a\u00a0klinicky testovan\u00fd Astrion\u00ae,\u00a0ktor\u00fd\u00a0zvy\u0161uje \u00fa\u010dinky\u00a0kolag\u00e9nu a\u00a0kyseliny hyalur\u00f3novej.\u00a0Spoma\u013euje prejavy starnutia,\u00a0redukuje v\u00fdskyt vr\u00e1sok,\u00a0zlep\u0161uje\" \/>\n<meta name=\"twitter:image\" content=\"https:\/\/i0.wp.com\/etako.sk\/eshop\/wp-content\/uploads\/2025\/07\/orin_750ml_collagen_citron.png?fit=468%2C468&ssl=1\" \/>\n<meta name=\"twitter:label1\" content=\"Predpokladan\u00fd \u010das \u010d\u00edtania\" \/>\n\t<meta name=\"twitter:data1\" content=\"5 min\u00fat\" \/>\n<script type=\"application\/ld+json\" class=\"yoast-schema-graph\">{\"@context\":\"https:\/\/schema.org\",\"@graph\":[{\"@type\":\"WebPage\",\"@id\":\"https:\/\/etako.sk\/eshop\/produkt\/orin-collagen-beauty-pre-vlasy-nechty-a-plet-citron\/\",\"url\":\"https:\/\/etako.sk\/eshop\/produkt\/orin-collagen-beauty-pre-vlasy-nechty-a-plet-citron\/\",\"name\":\"ORIN COLLAGEN Beauty pre vlasy, nechty a ple\u0165 CITR\u00d3N - ETAKO e-shop\",\"isPartOf\":{\"@id\":\"https:\/\/etako.sk\/eshop\/#website\"},\"primaryImageOfPage\":{\"@id\":\"https:\/\/etako.sk\/eshop\/produkt\/orin-collagen-beauty-pre-vlasy-nechty-a-plet-citron\/#primaryimage\"},\"image\":{\"@id\":\"https:\/\/etako.sk\/eshop\/produkt\/orin-collagen-beauty-pre-vlasy-nechty-a-plet-citron\/#primaryimage\"},\"thumbnailUrl\":\"https:\/\/i0.wp.com\/etako.sk\/eshop\/wp-content\/uploads\/2025\/07\/orin_750ml_collagen_citron.png?fit=468%2C468&ssl=1\",\"datePublished\":\"2025-07-15T18:26:41+00:00\",\"breadcrumb\":{\"@id\":\"https:\/\/etako.sk\/eshop\/produkt\/orin-collagen-beauty-pre-vlasy-nechty-a-plet-citron\/#breadcrumb\"},\"inLanguage\":\"sk-SK\",\"potentialAction\":[{\"@type\":\"ReadAction\",\"target\":[\"https:\/\/etako.sk\/eshop\/produkt\/orin-collagen-beauty-pre-vlasy-nechty-a-plet-citron\/\"]}]},{\"@type\":\"ImageObject\",\"inLanguage\":\"sk-SK\",\"@id\":\"https:\/\/etako.sk\/eshop\/produkt\/orin-collagen-beauty-pre-vlasy-nechty-a-plet-citron\/#primaryimage\",\"url\":\"https:\/\/i0.wp.com\/etako.sk\/eshop\/wp-content\/uploads\/2025\/07\/orin_750ml_collagen_citron.png?fit=468%2C468&ssl=1\",\"contentUrl\":\"https:\/\/i0.wp.com\/etako.sk\/eshop\/wp-content\/uploads\/2025\/07\/orin_750ml_collagen_citron.png?fit=468%2C468&ssl=1\",\"width\":468,\"height\":468},{\"@type\":\"BreadcrumbList\",\"@id\":\"https:\/\/etako.sk\/eshop\/produkt\/orin-collagen-beauty-pre-vlasy-nechty-a-plet-citron\/#breadcrumb\",\"itemListElement\":[{\"@type\":\"ListItem\",\"position\":1,\"name\":\"Domovsk\u00e1 str\u00e1nka\",\"item\":\"https:\/\/etako.sk\/eshop\/\"},{\"@type\":\"ListItem\",\"position\":2,\"name\":\"Obchod\",\"item\":\"https:\/\/etako.sk\/eshop\/shop\/\"},{\"@type\":\"ListItem\",\"position\":3,\"name\":\"ORIN COLLAGEN Beauty pre vlasy, nechty a ple\u0165 CITR\u00d3N\"}]},{\"@type\":\"WebSite\",\"@id\":\"https:\/\/etako.sk\/eshop\/#website\",\"url\":\"https:\/\/etako.sk\/eshop\/\",\"name\":\"ETAKO e-shop\",\"description\":\"Etako\",\"potentialAction\":[{\"@type\":\"SearchAction\",\"target\":{\"@type\":\"EntryPoint\",\"urlTemplate\":\"https:\/\/etako.sk\/eshop\/?s={search_term_string}\"},\"query-input\":{\"@type\":\"PropertyValueSpecification\",\"valueRequired\":true,\"valueName\":\"search_term_string\"}}],\"inLanguage\":\"sk-SK\"}]}<\/script>\n<!-- \/ Yoast SEO plugin. -->","yoast_head_json":{"title":"ORIN COLLAGEN Beauty pre vlasy, nechty a ple\u0165 CITR\u00d3N - ETAKO e-shop","robots":{"index":"index","follow":"follow","max-snippet":"max-snippet:-1","max-image-preview":"max-image-preview:large","max-video-preview":"max-video-preview:-1"},"canonical":"https:\/\/etako.sk\/eshop\/produkt\/orin-collagen-beauty-pre-vlasy-nechty-a-plet-citron\/","twitter_card":"summary_large_image","twitter_title":"ORIN COLLAGEN Beauty pre vlasy, nechty a ple\u0165 CITR\u00d3N - ETAKO e-shop","twitter_description":"Komplexn\u00fd kolag\u00e9nov\u00fd doplnok v\u00fd\u017eivy\u00a0pre poko\u017eku, vlasy a nechty.\u00a0Obsahuje\u00a0klinicky testovan\u00fd kolag\u00e9n Naticol\u00ae\u00a0a\u00a0klinicky testovan\u00fd Astrion\u00ae,\u00a0ktor\u00fd\u00a0zvy\u0161uje \u00fa\u010dinky\u00a0kolag\u00e9nu a\u00a0kyseliny hyalur\u00f3novej.\u00a0Spoma\u013euje prejavy starnutia,\u00a0redukuje v\u00fdskyt vr\u00e1sok,\u00a0zlep\u0161uje","twitter_image":"https:\/\/i0.wp.com\/etako.sk\/eshop\/wp-content\/uploads\/2025\/07\/orin_750ml_collagen_citron.png?fit=468%2C468&ssl=1","twitter_misc":{"Predpokladan\u00fd \u010das \u010d\u00edtania":"5 min\u00fat"},"schema":{"@context":"https:\/\/schema.org","@graph":[{"@type":"WebPage","@id":"https:\/\/etako.sk\/eshop\/produkt\/orin-collagen-beauty-pre-vlasy-nechty-a-plet-citron\/","url":"https:\/\/etako.sk\/eshop\/produkt\/orin-collagen-beauty-pre-vlasy-nechty-a-plet-citron\/","name":"ORIN COLLAGEN Beauty pre vlasy, nechty a ple\u0165 CITR\u00d3N - ETAKO e-shop","isPartOf":{"@id":"https:\/\/etako.sk\/eshop\/#website"},"primaryImageOfPage":{"@id":"https:\/\/etako.sk\/eshop\/produkt\/orin-collagen-beauty-pre-vlasy-nechty-a-plet-citron\/#primaryimage"},"image":{"@id":"https:\/\/etako.sk\/eshop\/produkt\/orin-collagen-beauty-pre-vlasy-nechty-a-plet-citron\/#primaryimage"},"thumbnailUrl":"https:\/\/i0.wp.com\/etako.sk\/eshop\/wp-content\/uploads\/2025\/07\/orin_750ml_collagen_citron.png?fit=468%2C468&ssl=1","datePublished":"2025-07-15T18:26:41+00:00","breadcrumb":{"@id":"https:\/\/etako.sk\/eshop\/produkt\/orin-collagen-beauty-pre-vlasy-nechty-a-plet-citron\/#breadcrumb"},"inLanguage":"sk-SK","potentialAction":[{"@type":"ReadAction","target":["https:\/\/etako.sk\/eshop\/produkt\/orin-collagen-beauty-pre-vlasy-nechty-a-plet-citron\/"]}]},{"@type":"ImageObject","inLanguage":"sk-SK","@id":"https:\/\/etako.sk\/eshop\/produkt\/orin-collagen-beauty-pre-vlasy-nechty-a-plet-citron\/#primaryimage","url":"https:\/\/i0.wp.com\/etako.sk\/eshop\/wp-content\/uploads\/2025\/07\/orin_750ml_collagen_citron.png?fit=468%2C468&ssl=1","contentUrl":"https:\/\/i0.wp.com\/etako.sk\/eshop\/wp-content\/uploads\/2025\/07\/orin_750ml_collagen_citron.png?fit=468%2C468&ssl=1","width":468,"height":468},{"@type":"BreadcrumbList","@id":"https:\/\/etako.sk\/eshop\/produkt\/orin-collagen-beauty-pre-vlasy-nechty-a-plet-citron\/#breadcrumb","itemListElement":[{"@type":"ListItem","position":1,"name":"Domovsk\u00e1 str\u00e1nka","item":"https:\/\/etako.sk\/eshop\/"},{"@type":"ListItem","position":2,"name":"Obchod","item":"https:\/\/etako.sk\/eshop\/shop\/"},{"@type":"ListItem","position":3,"name":"ORIN COLLAGEN Beauty pre vlasy, nechty a ple\u0165 CITR\u00d3N"}]},{"@type":"WebSite","@id":"https:\/\/etako.sk\/eshop\/#website","url":"https:\/\/etako.sk\/eshop\/","name":"ETAKO e-shop","description":"Etako","potentialAction":[{"@type":"SearchAction","target":{"@type":"EntryPoint","urlTemplate":"https:\/\/etako.sk\/eshop\/?s={search_term_string}"},"query-input":{"@type":"PropertyValueSpecification","valueRequired":true,"valueName":"search_term_string"}}],"inLanguage":"sk-SK"}]}},"jetpack_sharing_enabled":true,"_links":{"self":[{"href":"https:\/\/etako.sk\/eshop\/wp-json\/wp\/v2\/product\/48613","targetHints":{"allow":["GET"]}}],"collection":[{"href":"https:\/\/etako.sk\/eshop\/wp-json\/wp\/v2\/product"}],"about":[{"href":"https:\/\/etako.sk\/eshop\/wp-json\/wp\/v2\/types\/product"}],"replies":[{"embeddable":true,"href":"https:\/\/etako.sk\/eshop\/wp-json\/wp\/v2\/comments?post=48613"}],"version-history":[{"count":1,"href":"https:\/\/etako.sk\/eshop\/wp-json\/wp\/v2\/product\/48613\/revisions"}],"predecessor-version":[{"id":48615,"href":"https:\/\/etako.sk\/eshop\/wp-json\/wp\/v2\/product\/48613\/revisions\/48615"}],"wp:featuredmedia":[{"embeddable":true,"href":"https:\/\/etako.sk\/eshop\/wp-json\/wp\/v2\/media\/48614"}],"wp:attachment":[{"href":"https:\/\/etako.sk\/eshop\/wp-json\/wp\/v2\/media?parent=48613"}],"wp:term":[{"taxonomy":"product_brand","embeddable":true,"href":"https:\/\/etako.sk\/eshop\/wp-json\/wp\/v2\/product_brand?post=48613"},{"taxonomy":"product_cat","embeddable":true,"href":"https:\/\/etako.sk\/eshop\/wp-json\/wp\/v2\/product_cat?post=48613"},{"taxonomy":"product_tag","embeddable":true,"href":"https:\/\/etako.sk\/eshop\/wp-json\/wp\/v2\/product_tag?post=48613"}],"curies":[{"name":"wp","href":"https:\/\/api.w.org\/{rel}","templated":true}]}}