{"id":48571,"date":"2025-06-25T10:38:20","date_gmt":"2025-06-25T08:38:20","guid":{"rendered":"https:\/\/etako.sk\/eshop\/?post_type=product&#038;p=48571"},"modified":"2025-06-25T10:38:20","modified_gmt":"2025-06-25T08:38:20","slug":"veganska-aloe-vera-pletova-maska","status":"publish","type":"product","link":"https:\/\/etako.sk\/eshop\/produkt\/veganska-aloe-vera-pletova-maska\/","title":{"rendered":"Veg\u00e1nska Aloe Vera ple\u0165ov\u00e1 maska"},"content":{"rendered":"<p>Hydrata\u010dn\u00e1, vy\u017eivuj\u00faca a ple\u0165 upokojuj\u00faca veg\u00e1nska ple\u0165ov\u00e1 maska \u200b\u200bv\u00fd\u0165a\u017ekami z aloe vera, s ktorou m\u00f4\u017eete okam\u017eite osvie\u017ei\u0165 unaven\u00fa ple\u0165 po\u010das d\u0148a.<\/p>\n<p>Hlavnou \u00fa\u010dinnou zlo\u017ekou ple\u0165ovej masky je aloe vera, ktor\u00e1 so svojimi stovkami pr\u00edrodn\u00fdch zlo\u017eiek, vitam\u00ednov, mono a polysacharidov \u00fa\u010dinne zvlh\u010duje, vy\u017eivuje a upokojuje poko\u017eku.<\/p>\n<p>Jeho zlo\u017eenie, bohat\u00e9 na rastlinn\u00e9 zlo\u017eky, obsahuje aj \u0161peciality, ako je Asian Centella \/ Pupo\u010dn\u00edk \u00e1zijsk\u00fd \/ , alanto\u00edn, ktor\u00fd m\u00e1 upokojuj\u00faci \u00fa\u010dinok, alebo vitam\u00edn C, ktor\u00fd je zodpovedn\u00fd za udr\u017eanie \u00fa\u010dinn\u00fdch imunitn\u00fdch procesov.<\/p>\n<p>V\u010faka veg\u00e1nskej recept\u00fare a \u013eahko biologicky odb\u00farate\u013en\u00e9mu materi\u00e1lu sa \u0161etrne star\u00e1 o va\u0161u poko\u017eku a zni\u017euje ekologick\u00fa stopu sp\u00f4soben\u00fa jej pou\u017e\u00edvan\u00edm.<\/p>\n<p>Netestovan\u00e9 na zvierat\u00e1ch.<\/p>\n<p>Pou\u017eitie:<br \/>\n1. D\u00f4kladne vy\u010distite ple\u0165. Po otvoren\u00ed masky odstr\u00e1\u0148te ochrann\u00fa f\u00f3liu<br \/>\n2. Aplikujte masku\u00a0na oblas\u0165 celej tv\u00e1re<br \/>\n3. Relaxujte cca 20 min\u00fat, odstr\u00e1\u0148te masku a jemne vmas\u00edrujte s\u00e9rum, ktor\u00e9 ostalo na pleti.<br \/>\n4. Ak je potrebn\u00e9, na z\u00e1ver o\u0161etrite kr\u00e9mom alebo emulziou. Maska je na jedno pou\u017eitie.<br \/>\n5. Pou\u017e\u00edvajte masku pod\u013ea potreby alebo 1x t\u00fd\u017edenne<\/p>\n<p>Pre chladiv\u00fd efekt, uskladnite uzatvoren\u00fa masku v obale na p\u00e1r min\u00fat v mrazni\u010dke \/ tesne pred pou\u017eit\u00edm.<br \/>\nPre hor\u00faci efekt, vlo\u017ete uzatvoren\u00fa masku v obale na 2-3 min\u00faty do\u00a0hor\u00facej vody.<br \/>\nBalenie obsahuje\u00a0 1\u00a0 ple\u0165ov\u00fa masku<\/p>\n<p>&nbsp;<\/p>\n","protected":false},"excerpt":{"rendered":"<p>Hydrata\u010dn\u00e1, vy\u017eivuj\u00faca a ple\u0165 upokojuj\u00faca veg\u00e1nska ple\u0165ov\u00e1 maska \u200b\u200bv\u00fd\u0165a\u017ekami z aloe vera, s ktorou m\u00f4\u017eete okam\u017eite osvie\u017ei\u0165 unaven\u00fa ple\u0165 po\u010das<\/p>\n","protected":false},"featured_media":48572,"comment_status":"closed","ping_status":"closed","template":"","meta":{"jetpack_publicize_message":"","jetpack_publicize_feature_enabled":true,"jetpack_social_post_already_shared":true,"jetpack_social_options":{"image_generator_settings":{"template":"highway","enabled":false},"version":2}},"product_brand":[],"product_cat":[1867],"product_tag":[],"class_list":{"0":"post-48571","1":"product","2":"type-product","3":"status-publish","4":"has-post-thumbnail","6":"product_cat-masky-a-sera","7":"product_shipping_class-standard","9":"","10":"instock","11":"taxable","12":"shipping-taxable","13":"purchasable","14":"product-type-simple"},"jetpack_publicize_connections":[],"yoast_head":"<!-- This site is optimized with the Yoast SEO plugin v25.6 - https:\/\/yoast.com\/wordpress\/plugins\/seo\/ -->\n<title>Veg\u00e1nska Aloe Vera ple\u0165ov\u00e1 maska - ETAKO e-shop<\/title>\n<meta name=\"robots\" content=\"index, follow, max-snippet:-1, max-image-preview:large, max-video-preview:-1\" \/>\n<link rel=\"canonical\" href=\"https:\/\/etako.sk\/eshop\/produkt\/veganska-aloe-vera-pletova-maska\/\" \/>\n<meta name=\"twitter:card\" content=\"summary_large_image\" \/>\n<meta name=\"twitter:title\" content=\"Veg\u00e1nska Aloe Vera ple\u0165ov\u00e1 maska - ETAKO e-shop\" \/>\n<meta name=\"twitter:description\" content=\"Hydrata\u010dn\u00e1, vy\u017eivuj\u00faca a ple\u0165 upokojuj\u00faca veg\u00e1nska ple\u0165ov\u00e1 maska \u200b\u200bv\u00fd\u0165a\u017ekami z aloe vera, s ktorou m\u00f4\u017eete okam\u017eite osvie\u017ei\u0165 unaven\u00fa ple\u0165 po\u010das\" \/>\n<meta name=\"twitter:image\" content=\"https:\/\/i0.wp.com\/etako.sk\/eshop\/wp-content\/uploads\/2025\/06\/vegan-aloe_PD841_1.jpg?fit=630%2C630&ssl=1\" \/>\n<meta name=\"twitter:label1\" content=\"Predpokladan\u00fd \u010das \u010d\u00edtania\" \/>\n\t<meta name=\"twitter:data1\" content=\"2 min\u00faty\" \/>\n<script type=\"application\/ld+json\" class=\"yoast-schema-graph\">{\"@context\":\"https:\/\/schema.org\",\"@graph\":[{\"@type\":\"WebPage\",\"@id\":\"https:\/\/etako.sk\/eshop\/produkt\/veganska-aloe-vera-pletova-maska\/\",\"url\":\"https:\/\/etako.sk\/eshop\/produkt\/veganska-aloe-vera-pletova-maska\/\",\"name\":\"Veg\u00e1nska Aloe Vera ple\u0165ov\u00e1 maska - ETAKO e-shop\",\"isPartOf\":{\"@id\":\"https:\/\/etako.sk\/eshop\/#website\"},\"primaryImageOfPage\":{\"@id\":\"https:\/\/etako.sk\/eshop\/produkt\/veganska-aloe-vera-pletova-maska\/#primaryimage\"},\"image\":{\"@id\":\"https:\/\/etako.sk\/eshop\/produkt\/veganska-aloe-vera-pletova-maska\/#primaryimage\"},\"thumbnailUrl\":\"https:\/\/i0.wp.com\/etako.sk\/eshop\/wp-content\/uploads\/2025\/06\/vegan-aloe_PD841_1.jpg?fit=630%2C630&ssl=1\",\"datePublished\":\"2025-06-25T08:38:20+00:00\",\"breadcrumb\":{\"@id\":\"https:\/\/etako.sk\/eshop\/produkt\/veganska-aloe-vera-pletova-maska\/#breadcrumb\"},\"inLanguage\":\"sk-SK\",\"potentialAction\":[{\"@type\":\"ReadAction\",\"target\":[\"https:\/\/etako.sk\/eshop\/produkt\/veganska-aloe-vera-pletova-maska\/\"]}]},{\"@type\":\"ImageObject\",\"inLanguage\":\"sk-SK\",\"@id\":\"https:\/\/etako.sk\/eshop\/produkt\/veganska-aloe-vera-pletova-maska\/#primaryimage\",\"url\":\"https:\/\/i0.wp.com\/etako.sk\/eshop\/wp-content\/uploads\/2025\/06\/vegan-aloe_PD841_1.jpg?fit=630%2C630&ssl=1\",\"contentUrl\":\"https:\/\/i0.wp.com\/etako.sk\/eshop\/wp-content\/uploads\/2025\/06\/vegan-aloe_PD841_1.jpg?fit=630%2C630&ssl=1\",\"width\":630,\"height\":630},{\"@type\":\"BreadcrumbList\",\"@id\":\"https:\/\/etako.sk\/eshop\/produkt\/veganska-aloe-vera-pletova-maska\/#breadcrumb\",\"itemListElement\":[{\"@type\":\"ListItem\",\"position\":1,\"name\":\"Domovsk\u00e1 str\u00e1nka\",\"item\":\"https:\/\/etako.sk\/eshop\/\"},{\"@type\":\"ListItem\",\"position\":2,\"name\":\"Obchod\",\"item\":\"https:\/\/etako.sk\/eshop\/shop\/\"},{\"@type\":\"ListItem\",\"position\":3,\"name\":\"Veg\u00e1nska Aloe Vera ple\u0165ov\u00e1 maska\"}]},{\"@type\":\"WebSite\",\"@id\":\"https:\/\/etako.sk\/eshop\/#website\",\"url\":\"https:\/\/etako.sk\/eshop\/\",\"name\":\"ETAKO e-shop\",\"description\":\"Etako\",\"potentialAction\":[{\"@type\":\"SearchAction\",\"target\":{\"@type\":\"EntryPoint\",\"urlTemplate\":\"https:\/\/etako.sk\/eshop\/?s={search_term_string}\"},\"query-input\":{\"@type\":\"PropertyValueSpecification\",\"valueRequired\":true,\"valueName\":\"search_term_string\"}}],\"inLanguage\":\"sk-SK\"}]}<\/script>\n<!-- \/ Yoast SEO plugin. -->","yoast_head_json":{"title":"Veg\u00e1nska Aloe Vera ple\u0165ov\u00e1 maska - ETAKO e-shop","robots":{"index":"index","follow":"follow","max-snippet":"max-snippet:-1","max-image-preview":"max-image-preview:large","max-video-preview":"max-video-preview:-1"},"canonical":"https:\/\/etako.sk\/eshop\/produkt\/veganska-aloe-vera-pletova-maska\/","twitter_card":"summary_large_image","twitter_title":"Veg\u00e1nska Aloe Vera ple\u0165ov\u00e1 maska - ETAKO e-shop","twitter_description":"Hydrata\u010dn\u00e1, vy\u017eivuj\u00faca a ple\u0165 upokojuj\u00faca veg\u00e1nska ple\u0165ov\u00e1 maska \u200b\u200bv\u00fd\u0165a\u017ekami z aloe vera, s ktorou m\u00f4\u017eete okam\u017eite osvie\u017ei\u0165 unaven\u00fa ple\u0165 po\u010das","twitter_image":"https:\/\/i0.wp.com\/etako.sk\/eshop\/wp-content\/uploads\/2025\/06\/vegan-aloe_PD841_1.jpg?fit=630%2C630&ssl=1","twitter_misc":{"Predpokladan\u00fd \u010das \u010d\u00edtania":"2 min\u00faty"},"schema":{"@context":"https:\/\/schema.org","@graph":[{"@type":"WebPage","@id":"https:\/\/etako.sk\/eshop\/produkt\/veganska-aloe-vera-pletova-maska\/","url":"https:\/\/etako.sk\/eshop\/produkt\/veganska-aloe-vera-pletova-maska\/","name":"Veg\u00e1nska Aloe Vera ple\u0165ov\u00e1 maska - ETAKO e-shop","isPartOf":{"@id":"https:\/\/etako.sk\/eshop\/#website"},"primaryImageOfPage":{"@id":"https:\/\/etako.sk\/eshop\/produkt\/veganska-aloe-vera-pletova-maska\/#primaryimage"},"image":{"@id":"https:\/\/etako.sk\/eshop\/produkt\/veganska-aloe-vera-pletova-maska\/#primaryimage"},"thumbnailUrl":"https:\/\/i0.wp.com\/etako.sk\/eshop\/wp-content\/uploads\/2025\/06\/vegan-aloe_PD841_1.jpg?fit=630%2C630&ssl=1","datePublished":"2025-06-25T08:38:20+00:00","breadcrumb":{"@id":"https:\/\/etako.sk\/eshop\/produkt\/veganska-aloe-vera-pletova-maska\/#breadcrumb"},"inLanguage":"sk-SK","potentialAction":[{"@type":"ReadAction","target":["https:\/\/etako.sk\/eshop\/produkt\/veganska-aloe-vera-pletova-maska\/"]}]},{"@type":"ImageObject","inLanguage":"sk-SK","@id":"https:\/\/etako.sk\/eshop\/produkt\/veganska-aloe-vera-pletova-maska\/#primaryimage","url":"https:\/\/i0.wp.com\/etako.sk\/eshop\/wp-content\/uploads\/2025\/06\/vegan-aloe_PD841_1.jpg?fit=630%2C630&ssl=1","contentUrl":"https:\/\/i0.wp.com\/etako.sk\/eshop\/wp-content\/uploads\/2025\/06\/vegan-aloe_PD841_1.jpg?fit=630%2C630&ssl=1","width":630,"height":630},{"@type":"BreadcrumbList","@id":"https:\/\/etako.sk\/eshop\/produkt\/veganska-aloe-vera-pletova-maska\/#breadcrumb","itemListElement":[{"@type":"ListItem","position":1,"name":"Domovsk\u00e1 str\u00e1nka","item":"https:\/\/etako.sk\/eshop\/"},{"@type":"ListItem","position":2,"name":"Obchod","item":"https:\/\/etako.sk\/eshop\/shop\/"},{"@type":"ListItem","position":3,"name":"Veg\u00e1nska Aloe Vera ple\u0165ov\u00e1 maska"}]},{"@type":"WebSite","@id":"https:\/\/etako.sk\/eshop\/#website","url":"https:\/\/etako.sk\/eshop\/","name":"ETAKO e-shop","description":"Etako","potentialAction":[{"@type":"SearchAction","target":{"@type":"EntryPoint","urlTemplate":"https:\/\/etako.sk\/eshop\/?s={search_term_string}"},"query-input":{"@type":"PropertyValueSpecification","valueRequired":true,"valueName":"search_term_string"}}],"inLanguage":"sk-SK"}]}},"jetpack_sharing_enabled":true,"_links":{"self":[{"href":"https:\/\/etako.sk\/eshop\/wp-json\/wp\/v2\/product\/48571","targetHints":{"allow":["GET"]}}],"collection":[{"href":"https:\/\/etako.sk\/eshop\/wp-json\/wp\/v2\/product"}],"about":[{"href":"https:\/\/etako.sk\/eshop\/wp-json\/wp\/v2\/types\/product"}],"replies":[{"embeddable":true,"href":"https:\/\/etako.sk\/eshop\/wp-json\/wp\/v2\/comments?post=48571"}],"version-history":[{"count":1,"href":"https:\/\/etako.sk\/eshop\/wp-json\/wp\/v2\/product\/48571\/revisions"}],"predecessor-version":[{"id":48573,"href":"https:\/\/etako.sk\/eshop\/wp-json\/wp\/v2\/product\/48571\/revisions\/48573"}],"wp:featuredmedia":[{"embeddable":true,"href":"https:\/\/etako.sk\/eshop\/wp-json\/wp\/v2\/media\/48572"}],"wp:attachment":[{"href":"https:\/\/etako.sk\/eshop\/wp-json\/wp\/v2\/media?parent=48571"}],"wp:term":[{"taxonomy":"product_brand","embeddable":true,"href":"https:\/\/etako.sk\/eshop\/wp-json\/wp\/v2\/product_brand?post=48571"},{"taxonomy":"product_cat","embeddable":true,"href":"https:\/\/etako.sk\/eshop\/wp-json\/wp\/v2\/product_cat?post=48571"},{"taxonomy":"product_tag","embeddable":true,"href":"https:\/\/etako.sk\/eshop\/wp-json\/wp\/v2\/product_tag?post=48571"}],"curies":[{"name":"wp","href":"https:\/\/api.w.org\/{rel}","templated":true}]}}