{"id":48548,"date":"2025-06-20T19:58:44","date_gmt":"2025-06-20T17:58:44","guid":{"rendered":"https:\/\/etako.sk\/eshop\/?post_type=product&#038;p=48548"},"modified":"2025-06-20T19:58:44","modified_gmt":"2025-06-20T17:58:44","slug":"rozjasnujuci-ocny-krem-s-peptidmi","status":"publish","type":"product","link":"https:\/\/etako.sk\/eshop\/produkt\/rozjasnujuci-ocny-krem-s-peptidmi\/","title":{"rendered":"Rozjas\u0148uj\u00faci o\u010dn\u00fd kr\u00e9m s peptidmi"},"content":{"rendered":"<p>Neparfumovan\u00fd pr\u00edpravok sp\u00e1ja \u0161etrn\u00fa a z\u00e1rove\u0148 vysoko \u00fa\u010dinn\u00fa starostlivos\u0165 o oblas\u0165 o\u010dn\u00e9ho okolia. Komplex akt\u00edvnych l\u00e1tok zabezpe\u010duje vyhladenie kont\u00far tv\u00e1re a s\u00fa\u010dasne zn\u00ed\u017eenie v\u00fdskytu va\u010dkov pod o\u010dami.<\/p>\n<p>30ml<\/p>\n<p>&nbsp;<\/p>\n<p>Neparfumovan\u00fd pr\u00edpravok sp\u00e1ja \u0161etrn\u00fa a\u00a0z\u00e1rove\u0148 vysoko \u00fa\u010dinn\u00fa starostlivos\u0165 o\u00a0oblas\u0165 o\u010dn\u00e9ho okolia. Komplex akt\u00edvnych l\u00e1tok zabezpe\u010duje vyhladenie kont\u00far tv\u00e1re a\u00a0s\u00fa\u010dasne zn\u00ed\u017eenie v\u00fdskytu va\u010dkov pod o\u010dami. \u2022 pri pravidelnej aplik\u00e1cii doch\u00e1dza k\u00a0zmierneniu vidite\u013en\u00fdch zn\u00e1mok starnutia pleti nielen v\u00a0oblasti o\u010dn\u00e9ho okolia, ale aj jemn\u00fdch vr\u00e1sok v\u00a0okol\u00ed \u00fast, nosu, alebo medzi obo\u010d\u00edm \u2022 unik\u00e1tna kombin\u00e1cia peptidov podporuje redukciu va\u010dkov pod o\u010dami a\u00a0s\u00fa\u010dasne zlep\u0161uje pevnos\u0165 a\u00a0pru\u017enos\u0165 pleti \u2022 rastlinn\u00fd extrakt zabezpe\u010duje pleti vitalitu, jej rozjasnenie a\u00a0vyrovnanie \u2022 dermatologicky testovan\u00e9 Aplik\u00e1cia: jemne vklepte podu\u0161ti\u010dkami prstov na vy\u010disten\u00fa ple\u0165 v\u00a0oblasti o\u010dn\u00e9ho okolia, ide\u00e1lne r\u00e1no aj ve\u010der.<\/p>\n","protected":false},"excerpt":{"rendered":"<p>Neparfumovan\u00fd pr\u00edpravok sp\u00e1ja \u0161etrn\u00fa a z\u00e1rove\u0148 vysoko \u00fa\u010dinn\u00fa starostlivos\u0165 o oblas\u0165 o\u010dn\u00e9ho okolia. Komplex akt\u00edvnych l\u00e1tok zabezpe\u010duje vyhladenie kont\u00far tv\u00e1re<\/p>\n","protected":false},"featured_media":48549,"comment_status":"closed","ping_status":"closed","template":"","meta":{"jetpack_publicize_message":"","jetpack_publicize_feature_enabled":true,"jetpack_social_post_already_shared":true,"jetpack_social_options":{"image_generator_settings":{"template":"highway","enabled":false},"version":2}},"product_brand":[],"product_cat":[1864,1869],"product_tag":[],"class_list":{"0":"post-48548","1":"product","2":"type-product","3":"status-publish","4":"has-post-thumbnail","6":"product_cat-dekorativna-kozmetika","7":"product_cat-ocne-kremy-a-gely","8":"product_shipping_class-standard","10":"","11":"instock","12":"taxable","13":"shipping-taxable","14":"purchasable","15":"product-type-simple"},"jetpack_publicize_connections":[],"yoast_head":"<!-- This site is optimized with the Yoast SEO plugin v25.6 - https:\/\/yoast.com\/wordpress\/plugins\/seo\/ -->\n<title>Rozjas\u0148uj\u00faci o\u010dn\u00fd kr\u00e9m s peptidmi - ETAKO e-shop<\/title>\n<meta name=\"robots\" content=\"index, follow, max-snippet:-1, max-image-preview:large, max-video-preview:-1\" \/>\n<link rel=\"canonical\" href=\"https:\/\/etako.sk\/eshop\/produkt\/rozjasnujuci-ocny-krem-s-peptidmi\/\" \/>\n<meta name=\"twitter:card\" content=\"summary_large_image\" \/>\n<meta name=\"twitter:title\" content=\"Rozjas\u0148uj\u00faci o\u010dn\u00fd kr\u00e9m s peptidmi - ETAKO e-shop\" \/>\n<meta name=\"twitter:description\" content=\"Neparfumovan\u00fd pr\u00edpravok sp\u00e1ja \u0161etrn\u00fa a z\u00e1rove\u0148 vysoko \u00fa\u010dinn\u00fa starostlivos\u0165 o oblas\u0165 o\u010dn\u00e9ho okolia. Komplex akt\u00edvnych l\u00e1tok zabezpe\u010duje vyhladenie kont\u00far tv\u00e1re\" \/>\n<meta name=\"twitter:image\" content=\"https:\/\/i0.wp.com\/etako.sk\/eshop\/wp-content\/uploads\/2025\/06\/1.webp?fit=640%2C640&ssl=1\" \/>\n<meta name=\"twitter:label1\" content=\"Predpokladan\u00fd \u010das \u010d\u00edtania\" \/>\n\t<meta name=\"twitter:data1\" content=\"1 min\u00fata\" \/>\n<script type=\"application\/ld+json\" class=\"yoast-schema-graph\">{\"@context\":\"https:\/\/schema.org\",\"@graph\":[{\"@type\":\"WebPage\",\"@id\":\"https:\/\/etako.sk\/eshop\/produkt\/rozjasnujuci-ocny-krem-s-peptidmi\/\",\"url\":\"https:\/\/etako.sk\/eshop\/produkt\/rozjasnujuci-ocny-krem-s-peptidmi\/\",\"name\":\"Rozjas\u0148uj\u00faci o\u010dn\u00fd kr\u00e9m s peptidmi - ETAKO e-shop\",\"isPartOf\":{\"@id\":\"https:\/\/etako.sk\/eshop\/#website\"},\"primaryImageOfPage\":{\"@id\":\"https:\/\/etako.sk\/eshop\/produkt\/rozjasnujuci-ocny-krem-s-peptidmi\/#primaryimage\"},\"image\":{\"@id\":\"https:\/\/etako.sk\/eshop\/produkt\/rozjasnujuci-ocny-krem-s-peptidmi\/#primaryimage\"},\"thumbnailUrl\":\"https:\/\/i0.wp.com\/etako.sk\/eshop\/wp-content\/uploads\/2025\/06\/1.webp?fit=640%2C640&ssl=1\",\"datePublished\":\"2025-06-20T17:58:44+00:00\",\"breadcrumb\":{\"@id\":\"https:\/\/etako.sk\/eshop\/produkt\/rozjasnujuci-ocny-krem-s-peptidmi\/#breadcrumb\"},\"inLanguage\":\"sk-SK\",\"potentialAction\":[{\"@type\":\"ReadAction\",\"target\":[\"https:\/\/etako.sk\/eshop\/produkt\/rozjasnujuci-ocny-krem-s-peptidmi\/\"]}]},{\"@type\":\"ImageObject\",\"inLanguage\":\"sk-SK\",\"@id\":\"https:\/\/etako.sk\/eshop\/produkt\/rozjasnujuci-ocny-krem-s-peptidmi\/#primaryimage\",\"url\":\"https:\/\/i0.wp.com\/etako.sk\/eshop\/wp-content\/uploads\/2025\/06\/1.webp?fit=640%2C640&ssl=1\",\"contentUrl\":\"https:\/\/i0.wp.com\/etako.sk\/eshop\/wp-content\/uploads\/2025\/06\/1.webp?fit=640%2C640&ssl=1\",\"width\":640,\"height\":640},{\"@type\":\"BreadcrumbList\",\"@id\":\"https:\/\/etako.sk\/eshop\/produkt\/rozjasnujuci-ocny-krem-s-peptidmi\/#breadcrumb\",\"itemListElement\":[{\"@type\":\"ListItem\",\"position\":1,\"name\":\"Domovsk\u00e1 str\u00e1nka\",\"item\":\"https:\/\/etako.sk\/eshop\/\"},{\"@type\":\"ListItem\",\"position\":2,\"name\":\"Obchod\",\"item\":\"https:\/\/etako.sk\/eshop\/shop\/\"},{\"@type\":\"ListItem\",\"position\":3,\"name\":\"Rozjas\u0148uj\u00faci o\u010dn\u00fd kr\u00e9m s peptidmi\"}]},{\"@type\":\"WebSite\",\"@id\":\"https:\/\/etako.sk\/eshop\/#website\",\"url\":\"https:\/\/etako.sk\/eshop\/\",\"name\":\"ETAKO e-shop\",\"description\":\"Etako\",\"potentialAction\":[{\"@type\":\"SearchAction\",\"target\":{\"@type\":\"EntryPoint\",\"urlTemplate\":\"https:\/\/etako.sk\/eshop\/?s={search_term_string}\"},\"query-input\":{\"@type\":\"PropertyValueSpecification\",\"valueRequired\":true,\"valueName\":\"search_term_string\"}}],\"inLanguage\":\"sk-SK\"}]}<\/script>\n<!-- \/ Yoast SEO plugin. -->","yoast_head_json":{"title":"Rozjas\u0148uj\u00faci o\u010dn\u00fd kr\u00e9m s peptidmi - ETAKO e-shop","robots":{"index":"index","follow":"follow","max-snippet":"max-snippet:-1","max-image-preview":"max-image-preview:large","max-video-preview":"max-video-preview:-1"},"canonical":"https:\/\/etako.sk\/eshop\/produkt\/rozjasnujuci-ocny-krem-s-peptidmi\/","twitter_card":"summary_large_image","twitter_title":"Rozjas\u0148uj\u00faci o\u010dn\u00fd kr\u00e9m s peptidmi - ETAKO e-shop","twitter_description":"Neparfumovan\u00fd pr\u00edpravok sp\u00e1ja \u0161etrn\u00fa a z\u00e1rove\u0148 vysoko \u00fa\u010dinn\u00fa starostlivos\u0165 o oblas\u0165 o\u010dn\u00e9ho okolia. Komplex akt\u00edvnych l\u00e1tok zabezpe\u010duje vyhladenie kont\u00far tv\u00e1re","twitter_image":"https:\/\/i0.wp.com\/etako.sk\/eshop\/wp-content\/uploads\/2025\/06\/1.webp?fit=640%2C640&ssl=1","twitter_misc":{"Predpokladan\u00fd \u010das \u010d\u00edtania":"1 min\u00fata"},"schema":{"@context":"https:\/\/schema.org","@graph":[{"@type":"WebPage","@id":"https:\/\/etako.sk\/eshop\/produkt\/rozjasnujuci-ocny-krem-s-peptidmi\/","url":"https:\/\/etako.sk\/eshop\/produkt\/rozjasnujuci-ocny-krem-s-peptidmi\/","name":"Rozjas\u0148uj\u00faci o\u010dn\u00fd kr\u00e9m s peptidmi - ETAKO e-shop","isPartOf":{"@id":"https:\/\/etako.sk\/eshop\/#website"},"primaryImageOfPage":{"@id":"https:\/\/etako.sk\/eshop\/produkt\/rozjasnujuci-ocny-krem-s-peptidmi\/#primaryimage"},"image":{"@id":"https:\/\/etako.sk\/eshop\/produkt\/rozjasnujuci-ocny-krem-s-peptidmi\/#primaryimage"},"thumbnailUrl":"https:\/\/i0.wp.com\/etako.sk\/eshop\/wp-content\/uploads\/2025\/06\/1.webp?fit=640%2C640&ssl=1","datePublished":"2025-06-20T17:58:44+00:00","breadcrumb":{"@id":"https:\/\/etako.sk\/eshop\/produkt\/rozjasnujuci-ocny-krem-s-peptidmi\/#breadcrumb"},"inLanguage":"sk-SK","potentialAction":[{"@type":"ReadAction","target":["https:\/\/etako.sk\/eshop\/produkt\/rozjasnujuci-ocny-krem-s-peptidmi\/"]}]},{"@type":"ImageObject","inLanguage":"sk-SK","@id":"https:\/\/etako.sk\/eshop\/produkt\/rozjasnujuci-ocny-krem-s-peptidmi\/#primaryimage","url":"https:\/\/i0.wp.com\/etako.sk\/eshop\/wp-content\/uploads\/2025\/06\/1.webp?fit=640%2C640&ssl=1","contentUrl":"https:\/\/i0.wp.com\/etako.sk\/eshop\/wp-content\/uploads\/2025\/06\/1.webp?fit=640%2C640&ssl=1","width":640,"height":640},{"@type":"BreadcrumbList","@id":"https:\/\/etako.sk\/eshop\/produkt\/rozjasnujuci-ocny-krem-s-peptidmi\/#breadcrumb","itemListElement":[{"@type":"ListItem","position":1,"name":"Domovsk\u00e1 str\u00e1nka","item":"https:\/\/etako.sk\/eshop\/"},{"@type":"ListItem","position":2,"name":"Obchod","item":"https:\/\/etako.sk\/eshop\/shop\/"},{"@type":"ListItem","position":3,"name":"Rozjas\u0148uj\u00faci o\u010dn\u00fd kr\u00e9m s peptidmi"}]},{"@type":"WebSite","@id":"https:\/\/etako.sk\/eshop\/#website","url":"https:\/\/etako.sk\/eshop\/","name":"ETAKO e-shop","description":"Etako","potentialAction":[{"@type":"SearchAction","target":{"@type":"EntryPoint","urlTemplate":"https:\/\/etako.sk\/eshop\/?s={search_term_string}"},"query-input":{"@type":"PropertyValueSpecification","valueRequired":true,"valueName":"search_term_string"}}],"inLanguage":"sk-SK"}]}},"jetpack_sharing_enabled":true,"_links":{"self":[{"href":"https:\/\/etako.sk\/eshop\/wp-json\/wp\/v2\/product\/48548","targetHints":{"allow":["GET"]}}],"collection":[{"href":"https:\/\/etako.sk\/eshop\/wp-json\/wp\/v2\/product"}],"about":[{"href":"https:\/\/etako.sk\/eshop\/wp-json\/wp\/v2\/types\/product"}],"replies":[{"embeddable":true,"href":"https:\/\/etako.sk\/eshop\/wp-json\/wp\/v2\/comments?post=48548"}],"version-history":[{"count":1,"href":"https:\/\/etako.sk\/eshop\/wp-json\/wp\/v2\/product\/48548\/revisions"}],"predecessor-version":[{"id":48550,"href":"https:\/\/etako.sk\/eshop\/wp-json\/wp\/v2\/product\/48548\/revisions\/48550"}],"wp:featuredmedia":[{"embeddable":true,"href":"https:\/\/etako.sk\/eshop\/wp-json\/wp\/v2\/media\/48549"}],"wp:attachment":[{"href":"https:\/\/etako.sk\/eshop\/wp-json\/wp\/v2\/media?parent=48548"}],"wp:term":[{"taxonomy":"product_brand","embeddable":true,"href":"https:\/\/etako.sk\/eshop\/wp-json\/wp\/v2\/product_brand?post=48548"},{"taxonomy":"product_cat","embeddable":true,"href":"https:\/\/etako.sk\/eshop\/wp-json\/wp\/v2\/product_cat?post=48548"},{"taxonomy":"product_tag","embeddable":true,"href":"https:\/\/etako.sk\/eshop\/wp-json\/wp\/v2\/product_tag?post=48548"}],"curies":[{"name":"wp","href":"https:\/\/api.w.org\/{rel}","templated":true}]}}