{"id":14492,"date":"2023-10-31T21:20:18","date_gmt":"2023-10-31T19:20:18","guid":{"rendered":"https:\/\/etako.sk\/eshop\/?post_type=product&#038;p=14492"},"modified":"2026-02-03T21:04:48","modified_gmt":"2026-02-03T19:04:48","slug":"body-s-kratkym-rukavom-minnie-100-2","status":"publish","type":"product","link":"https:\/\/etako.sk\/eshop\/produkt\/body-s-kratkym-rukavom-minnie-100-2\/","title":{"rendered":"Body s kr\u00e1tkym ruk\u00e1vom Minnie 100\/2"},"content":{"rendered":"<p>Origin\u00e1lny Disney produkt<br \/>\nMateri\u00e1l: 100% bavlna<br \/>\nPotla\u010d: sie\u0165otla\u010d<br \/>\nFarba: ru\u017eov\u00e1<\/p>\n<p>Kvalita: I. trieda<br \/>\nKrajina p\u00f4vodu: Ma\u010farsko, E\u00da<\/p>\n","protected":false},"excerpt":{"rendered":"<p>Origin\u00e1lny Disney produkt Materi\u00e1l: 100% bavlna Potla\u010d: sie\u0165otla\u010d Farba: ru\u017eov\u00e1 Kvalita: I. trieda Krajina p\u00f4vodu: Ma\u010farsko, E\u00da<\/p>\n","protected":false},"featured_media":14493,"comment_status":"closed","ping_status":"closed","template":"","meta":{"jetpack_publicize_message":"","jetpack_publicize_feature_enabled":true,"jetpack_social_post_already_shared":false,"jetpack_social_options":{"image_generator_settings":{"template":"highway","enabled":false},"version":2}},"product_brand":[],"product_cat":[445,147],"product_tag":[],"class_list":{"0":"post-14492","1":"product","2":"type-product","3":"status-publish","4":"has-post-thumbnail","6":"product_cat-body-kratky-rukav-dievcata-velkost-od-0-10-rokov-50-140-cm","7":"product_cat-dievcata-velkost-od-0-10-rokov-50-140-cm","8":"product_shipping_class-standard","9":"pa_velkost-220","10":"pa_velkost-221","11":"pa_velkost-222","12":"pa_velkost-223","13":"pa_velkost-224","15":"","16":"instock","17":"taxable","18":"shipping-taxable","19":"purchasable","20":"product-type-variable"},"jetpack_publicize_connections":[],"yoast_head":"<!-- This site is optimized with the Yoast SEO plugin v25.6 - https:\/\/yoast.com\/wordpress\/plugins\/seo\/ -->\n<title>Body s kr\u00e1tkym ruk\u00e1vom Minnie 100\/2 - ETAKO e-shop<\/title>\n<meta name=\"robots\" content=\"index, follow, max-snippet:-1, max-image-preview:large, max-video-preview:-1\" \/>\n<link rel=\"canonical\" href=\"https:\/\/etako.sk\/eshop\/produkt\/body-s-kratkym-rukavom-minnie-100-2\/\" \/>\n<meta name=\"twitter:card\" content=\"summary_large_image\" \/>\n<meta name=\"twitter:title\" content=\"Body s kr\u00e1tkym ruk\u00e1vom Minnie 100\/2 - ETAKO e-shop\" \/>\n<meta name=\"twitter:description\" content=\"Origin\u00e1lny Disney produkt Materi\u00e1l: 100% bavlna Potla\u010d: sie\u0165otla\u010d Farba: ru\u017eov\u00e1 Kvalita: I. trieda Krajina p\u00f4vodu: Ma\u010farsko, E\u00da\" \/>\n<meta name=\"twitter:image\" content=\"https:\/\/i0.wp.com\/etako.sk\/eshop\/wp-content\/uploads\/2023\/10\/og4QRyjYqPx_s460xn.jpg?fit=460%2C405&ssl=1\" \/>\n<meta name=\"twitter:label1\" content=\"Predpokladan\u00fd \u010das \u010d\u00edtania\" \/>\n\t<meta name=\"twitter:data1\" content=\"1 min\u00fata\" \/>\n<script type=\"application\/ld+json\" class=\"yoast-schema-graph\">{\"@context\":\"https:\/\/schema.org\",\"@graph\":[{\"@type\":\"WebPage\",\"@id\":\"https:\/\/etako.sk\/eshop\/produkt\/body-s-kratkym-rukavom-minnie-100-2\/\",\"url\":\"https:\/\/etako.sk\/eshop\/produkt\/body-s-kratkym-rukavom-minnie-100-2\/\",\"name\":\"Body s kr\u00e1tkym ruk\u00e1vom Minnie 100\/2 - ETAKO e-shop\",\"isPartOf\":{\"@id\":\"https:\/\/etako.sk\/eshop\/#website\"},\"primaryImageOfPage\":{\"@id\":\"https:\/\/etako.sk\/eshop\/produkt\/body-s-kratkym-rukavom-minnie-100-2\/#primaryimage\"},\"image\":{\"@id\":\"https:\/\/etako.sk\/eshop\/produkt\/body-s-kratkym-rukavom-minnie-100-2\/#primaryimage\"},\"thumbnailUrl\":\"https:\/\/i0.wp.com\/etako.sk\/eshop\/wp-content\/uploads\/2023\/10\/og4QRyjYqPx_s460xn.jpg?fit=460%2C405&ssl=1\",\"datePublished\":\"2023-10-31T19:20:18+00:00\",\"dateModified\":\"2026-02-03T19:04:48+00:00\",\"breadcrumb\":{\"@id\":\"https:\/\/etako.sk\/eshop\/produkt\/body-s-kratkym-rukavom-minnie-100-2\/#breadcrumb\"},\"inLanguage\":\"sk-SK\",\"potentialAction\":[{\"@type\":\"ReadAction\",\"target\":[\"https:\/\/etako.sk\/eshop\/produkt\/body-s-kratkym-rukavom-minnie-100-2\/\"]}]},{\"@type\":\"ImageObject\",\"inLanguage\":\"sk-SK\",\"@id\":\"https:\/\/etako.sk\/eshop\/produkt\/body-s-kratkym-rukavom-minnie-100-2\/#primaryimage\",\"url\":\"https:\/\/i0.wp.com\/etako.sk\/eshop\/wp-content\/uploads\/2023\/10\/og4QRyjYqPx_s460xn.jpg?fit=460%2C405&ssl=1\",\"contentUrl\":\"https:\/\/i0.wp.com\/etako.sk\/eshop\/wp-content\/uploads\/2023\/10\/og4QRyjYqPx_s460xn.jpg?fit=460%2C405&ssl=1\",\"width\":460,\"height\":405},{\"@type\":\"BreadcrumbList\",\"@id\":\"https:\/\/etako.sk\/eshop\/produkt\/body-s-kratkym-rukavom-minnie-100-2\/#breadcrumb\",\"itemListElement\":[{\"@type\":\"ListItem\",\"position\":1,\"name\":\"Domovsk\u00e1 str\u00e1nka\",\"item\":\"https:\/\/etako.sk\/eshop\/\"},{\"@type\":\"ListItem\",\"position\":2,\"name\":\"Obchod\",\"item\":\"https:\/\/etako.sk\/eshop\/shop\/\"},{\"@type\":\"ListItem\",\"position\":3,\"name\":\"Body s kr\u00e1tkym ruk\u00e1vom Minnie 100\/2\"}]},{\"@type\":\"WebSite\",\"@id\":\"https:\/\/etako.sk\/eshop\/#website\",\"url\":\"https:\/\/etako.sk\/eshop\/\",\"name\":\"ETAKO e-shop\",\"description\":\"Etako\",\"potentialAction\":[{\"@type\":\"SearchAction\",\"target\":{\"@type\":\"EntryPoint\",\"urlTemplate\":\"https:\/\/etako.sk\/eshop\/?s={search_term_string}\"},\"query-input\":{\"@type\":\"PropertyValueSpecification\",\"valueRequired\":true,\"valueName\":\"search_term_string\"}}],\"inLanguage\":\"sk-SK\"}]}<\/script>\n<!-- \/ Yoast SEO plugin. -->","yoast_head_json":{"title":"Body s kr\u00e1tkym ruk\u00e1vom Minnie 100\/2 - ETAKO e-shop","robots":{"index":"index","follow":"follow","max-snippet":"max-snippet:-1","max-image-preview":"max-image-preview:large","max-video-preview":"max-video-preview:-1"},"canonical":"https:\/\/etako.sk\/eshop\/produkt\/body-s-kratkym-rukavom-minnie-100-2\/","twitter_card":"summary_large_image","twitter_title":"Body s kr\u00e1tkym ruk\u00e1vom Minnie 100\/2 - ETAKO e-shop","twitter_description":"Origin\u00e1lny Disney produkt Materi\u00e1l: 100% bavlna Potla\u010d: sie\u0165otla\u010d Farba: ru\u017eov\u00e1 Kvalita: I. trieda Krajina p\u00f4vodu: Ma\u010farsko, E\u00da","twitter_image":"https:\/\/i0.wp.com\/etako.sk\/eshop\/wp-content\/uploads\/2023\/10\/og4QRyjYqPx_s460xn.jpg?fit=460%2C405&ssl=1","twitter_misc":{"Predpokladan\u00fd \u010das \u010d\u00edtania":"1 min\u00fata"},"schema":{"@context":"https:\/\/schema.org","@graph":[{"@type":"WebPage","@id":"https:\/\/etako.sk\/eshop\/produkt\/body-s-kratkym-rukavom-minnie-100-2\/","url":"https:\/\/etako.sk\/eshop\/produkt\/body-s-kratkym-rukavom-minnie-100-2\/","name":"Body s kr\u00e1tkym ruk\u00e1vom Minnie 100\/2 - ETAKO e-shop","isPartOf":{"@id":"https:\/\/etako.sk\/eshop\/#website"},"primaryImageOfPage":{"@id":"https:\/\/etako.sk\/eshop\/produkt\/body-s-kratkym-rukavom-minnie-100-2\/#primaryimage"},"image":{"@id":"https:\/\/etako.sk\/eshop\/produkt\/body-s-kratkym-rukavom-minnie-100-2\/#primaryimage"},"thumbnailUrl":"https:\/\/i0.wp.com\/etako.sk\/eshop\/wp-content\/uploads\/2023\/10\/og4QRyjYqPx_s460xn.jpg?fit=460%2C405&ssl=1","datePublished":"2023-10-31T19:20:18+00:00","dateModified":"2026-02-03T19:04:48+00:00","breadcrumb":{"@id":"https:\/\/etako.sk\/eshop\/produkt\/body-s-kratkym-rukavom-minnie-100-2\/#breadcrumb"},"inLanguage":"sk-SK","potentialAction":[{"@type":"ReadAction","target":["https:\/\/etako.sk\/eshop\/produkt\/body-s-kratkym-rukavom-minnie-100-2\/"]}]},{"@type":"ImageObject","inLanguage":"sk-SK","@id":"https:\/\/etako.sk\/eshop\/produkt\/body-s-kratkym-rukavom-minnie-100-2\/#primaryimage","url":"https:\/\/i0.wp.com\/etako.sk\/eshop\/wp-content\/uploads\/2023\/10\/og4QRyjYqPx_s460xn.jpg?fit=460%2C405&ssl=1","contentUrl":"https:\/\/i0.wp.com\/etako.sk\/eshop\/wp-content\/uploads\/2023\/10\/og4QRyjYqPx_s460xn.jpg?fit=460%2C405&ssl=1","width":460,"height":405},{"@type":"BreadcrumbList","@id":"https:\/\/etako.sk\/eshop\/produkt\/body-s-kratkym-rukavom-minnie-100-2\/#breadcrumb","itemListElement":[{"@type":"ListItem","position":1,"name":"Domovsk\u00e1 str\u00e1nka","item":"https:\/\/etako.sk\/eshop\/"},{"@type":"ListItem","position":2,"name":"Obchod","item":"https:\/\/etako.sk\/eshop\/shop\/"},{"@type":"ListItem","position":3,"name":"Body s kr\u00e1tkym ruk\u00e1vom Minnie 100\/2"}]},{"@type":"WebSite","@id":"https:\/\/etako.sk\/eshop\/#website","url":"https:\/\/etako.sk\/eshop\/","name":"ETAKO e-shop","description":"Etako","potentialAction":[{"@type":"SearchAction","target":{"@type":"EntryPoint","urlTemplate":"https:\/\/etako.sk\/eshop\/?s={search_term_string}"},"query-input":{"@type":"PropertyValueSpecification","valueRequired":true,"valueName":"search_term_string"}}],"inLanguage":"sk-SK"}]}},"jetpack_sharing_enabled":true,"_links":{"self":[{"href":"https:\/\/etako.sk\/eshop\/wp-json\/wp\/v2\/product\/14492","targetHints":{"allow":["GET"]}}],"collection":[{"href":"https:\/\/etako.sk\/eshop\/wp-json\/wp\/v2\/product"}],"about":[{"href":"https:\/\/etako.sk\/eshop\/wp-json\/wp\/v2\/types\/product"}],"replies":[{"embeddable":true,"href":"https:\/\/etako.sk\/eshop\/wp-json\/wp\/v2\/comments?post=14492"}],"version-history":[{"count":1,"href":"https:\/\/etako.sk\/eshop\/wp-json\/wp\/v2\/product\/14492\/revisions"}],"predecessor-version":[{"id":49070,"href":"https:\/\/etako.sk\/eshop\/wp-json\/wp\/v2\/product\/14492\/revisions\/49070"}],"wp:featuredmedia":[{"embeddable":true,"href":"https:\/\/etako.sk\/eshop\/wp-json\/wp\/v2\/media\/14493"}],"wp:attachment":[{"href":"https:\/\/etako.sk\/eshop\/wp-json\/wp\/v2\/media?parent=14492"}],"wp:term":[{"taxonomy":"product_brand","embeddable":true,"href":"https:\/\/etako.sk\/eshop\/wp-json\/wp\/v2\/product_brand?post=14492"},{"taxonomy":"product_cat","embeddable":true,"href":"https:\/\/etako.sk\/eshop\/wp-json\/wp\/v2\/product_cat?post=14492"},{"taxonomy":"product_tag","embeddable":true,"href":"https:\/\/etako.sk\/eshop\/wp-json\/wp\/v2\/product_tag?post=14492"}],"curies":[{"name":"wp","href":"https:\/\/api.w.org\/{rel}","templated":true}]}}